{"id":57,"date":"2022-05-05T14:58:15","date_gmt":"2022-05-05T12:58:15","guid":{"rendered":"https:\/\/www.cwobel-ejendomme.dk\/bolig\/?page_id=57"},"modified":"2025-07-07T15:53:40","modified_gmt":"2025-07-07T13:53:40","slug":"nyhedsbrev","status":"publish","type":"page","link":"https:\/\/www.cwobel-ejendomme.dk\/bolig\/nyhedsbrev\/","title":{"rendered":"Nyhedsbrev"},"content":{"rendered":"<h1>Tilmeld dig nyhedsbrev, og bliv opdateret om vores boliger<\/h1>\n<h4>Flotte og indflytningsklare boliger. Vil du holdes ajour? Skriv dig op til nyhedsbrev, og modtag seneste nyt fra os<\/h4>\n<p>C.W. Obel Ejendomme tilbyder nyistandsatte og attraktive lejligheder fordelt over en r\u00e6kke popul\u00e6re postnumre. I vores nyhedsbrev fort\u00e6ller vi mere om boligerne, som alle er i trygge og behagelige rammer, findes i forskellige st\u00f8rrelser.<\/p>\n<p>Vi er specialiseret i den forstand, at vi prim\u00e6rt g\u00f8r os i nye og nyistandsatte boliger med henblik p\u00e5 at hj\u00e6lpe vores potentielle lejere med at finde netop deres dr\u00f8mmebolig. M\u00e5ske er en af vores boliger dit n\u00e6ste hjem?<\/p>\n<p>Tilmelding til nyhedsbrev<\/p>\n<h2>Vil du holdes opdateret?<\/h2>\n<p>Attraktive lejem\u00e5l i Aalborg og Stork\u00f8benhavn. Vil du holdes ajour? Skriv dig op her, og modtag seneste nyt fra os.<\/p>\n<p>Navn<br \/>\nE-mail<br \/>\nPostnummer<br \/>\nInteresseret i: Bolig<br \/>\nInteresseret i: Erhverv<\/p>\n<p>Ved tilmelding, giver du samtykke til, at C.W. Obel Ejendomme m\u00e5 sende dig e-mails, hvor vi informerer om vores ledige lejem\u00e5l eller hvad der sker p\u00e5 vores ejendomme, samt til at indsamle oplysninger om, hvordan du interagerer med vores nyhedsbreve. Du kan til enhver tid tr\u00e6kke dit samtykke tilbage, og du kan l\u00e6se mere om dine rettigheder og hvordan vi behandler dine personoplysninger i vores <a href=\"https:\/\/www.cwobel-ejendomme.dk\/brug-af-cookies\/\" target=\"_blank\" rel=\"noopener\">privatlivspolitik.<\/a><\/p>\n<p>function validateForm() {<br \/>\nvar boligCheckbox = document.getElementById(&#8216;mce-group[52508]-52508-0&#8217;);<br \/>\nvar erhvervCheckbox = document.getElementById(&#8216;mce-group[52508]-52508-1&#8217;);<br \/>\nif (!boligCheckbox.checked &amp;&amp; !erhvervCheckbox.checked) {<br \/>\nalert(&#8216;V\u00e6lg venligst mindst \u00e9n af interessefelterne: Bolig eller Erhverv.&#8217;);<br \/>\nreturn false; \/\/ Forhindrer formularen i at blive sendt<br \/>\n}<br \/>\nreturn true; \/\/ Tillad formularen at blive sendt, hvis mindst \u00e9n af checkboxene er markeret<br \/>\n}<\/p>\n<p>document.getElementById(&#8216;mc-embedded-subscribe-form&#8217;).addEventListener(&#8216;submit&#8217;, function(event) {<br \/>\nif (validateForm(event)) {<br \/>\n\/\/ Tilf\u00f8j en event lytter for at kontrollere om der er en fejlmeddelelse efter submit<br \/>\nsetTimeout(function() {<br \/>\nvar errorResponse = document.getElementById(&#8216;mce-error-response&#8217;);<br \/>\nif (errorResponse &amp;&amp; errorResponse.style.display === &#8216;none&#8217;) {<br \/>\n\/\/ Trigger GTM event<br \/>\nwindow.dataLayer = window.dataLayer || [];<br \/>\nwindow.dataLayer.push({<br \/>\n&#8216;event&#8217;: &#8216;nyhedsbrevsignup&#8217;<br \/>\n});<br \/>\n}<br \/>\n}, 1000); \/\/ Kontroller efter 1 sekund<br \/>\n} else {<br \/>\n\/\/ Prevent form submission if validation fails<br \/>\nevent.preventDefault();<br \/>\n}<br \/>\n});<\/p>\n<h2>Moderne boliger i h\u00f8j kvalitet<\/h2>\n<p>Vi udlejer lejeboliger designet i moderne stil med masser af naturligt lys. Boligerne er placeret i Stork\u00f8benhavn og Aalborg og er bygget og istandsat, s\u00e5 de lever op til vores h\u00f8je kvalitetskrav og er helt indflytningsklar. De venter bare p\u00e5 dig.<\/p>\n<p>Se filmen her.<\/p>\n<h4>F\u00f8lg med p\u00e5 LinkedIn, Facebook og Instagram- her informerer vi om vores ledige lejem\u00e5l og deler nyheder og historier om vores ejendomme.<\/h4>\n<p><a title=\"\" href=\"https:\/\/www.linkedin.com\/company\/c-w--obel-ejendomme\/?originalSubdomain=dk\" target=\"_blank\" rel=\"noopener\">F\u00f8lg os p\u00e5 LinkedIn<\/a><br \/>\n<a title=\"\" href=\"https:\/\/www.facebook.com\/CWObelEjendomme\/\" target=\"_blank\" rel=\"noopener\">F\u00f8lg os p\u00e5 facebook<\/a><br \/>\n<a title=\"\" href=\"https:\/\/www.instagram.com\/cwobel_ejendomme\/\" target=\"_blank\" rel=\"noopener\">F\u00f8lg os p\u00e5 instagram<\/a><\/p>\n","protected":false},"excerpt":{"rendered":"<p>Tilmeld dig nyhedsbrev, og bliv opdateret om vores boliger Flotte og indflytningsklare boliger. Vil du holdes ajour? Skriv<span class=\"excerpt-hellip\"> [\u2026]<\/span><\/p>\n","protected":false},"author":1,"featured_media":0,"parent":0,"menu_order":0,"comment_status":"closed","ping_status":"closed","template":"","meta":{"_acf_changed":false,"footnotes":""},"class_list":["post-57","page","type-page","status-publish","hentry"],"yoast_head":"<!-- This site is optimized with the Yoast SEO Premium plugin v25.3.1 (Yoast SEO v25.3.1) - https:\/\/yoast.com\/wordpress\/plugins\/seo\/ -->\n<title>Skriv dig op til vores nyhedsbrev<\/title>\n<meta name=\"description\" content=\"Skriv dig op til vores nyhedsbrev, og modtag seneste nyt om flotte og indflytningsklare boliger i Aalborg og Stork\u00f8benhavn.\" \/>\n<meta name=\"robots\" content=\"index, follow, max-snippet:-1, max-image-preview:large, max-video-preview:-1\" \/>\n<link rel=\"canonical\" href=\"https:\/\/www.cwobel-ejendomme.dk\/bolig\/nyhedsbrev\/\" \/>\n<meta property=\"og:locale\" content=\"da_DK\" \/>\n<meta property=\"og:type\" content=\"article\" \/>\n<meta property=\"og:title\" content=\"Nyhedsbrev\" \/>\n<meta property=\"og:description\" content=\"Skriv dig op til vores nyhedsbrev, og modtag seneste nyt om flotte og indflytningsklare boliger i Aalborg og Stork\u00f8benhavn.\" \/>\n<meta property=\"og:url\" content=\"https:\/\/www.cwobel-ejendomme.dk\/bolig\/nyhedsbrev\/\" \/>\n<meta property=\"og:site_name\" content=\"C.W. Obel Ejendomme\" \/>\n<meta property=\"article:modified_time\" content=\"2025-07-07T13:53:40+00:00\" \/>\n<meta property=\"og:image\" content=\"https:\/\/www.cwobel-ejendomme.dk\/bolig\/wp-content\/uploads\/sites\/2\/2022\/06\/shutterstock_695217586_WEB.jpg\" \/>\n\t<meta property=\"og:image:width\" content=\"2409\" \/>\n\t<meta property=\"og:image:height\" content=\"1546\" \/>\n\t<meta property=\"og:image:type\" content=\"image\/jpeg\" \/>\n<meta name=\"twitter:card\" content=\"summary_large_image\" \/>\n<meta name=\"twitter:label1\" content=\"Estimeret l\u00e6setid\" \/>\n\t<meta name=\"twitter:data1\" content=\"3 minutter\" \/>\n<script type=\"application\/ld+json\" class=\"yoast-schema-graph\">{\"@context\":\"https:\/\/schema.org\",\"@graph\":[{\"@type\":\"WebPage\",\"@id\":\"https:\/\/www.cwobel-ejendomme.dk\/bolig\/nyhedsbrev\/\",\"url\":\"https:\/\/www.cwobel-ejendomme.dk\/bolig\/nyhedsbrev\/\",\"name\":\"Skriv dig op til vores nyhedsbrev\",\"isPartOf\":{\"@id\":\"https:\/\/www.cwobel-ejendomme.dk\/bolig\/#website\"},\"datePublished\":\"2022-05-05T12:58:15+00:00\",\"dateModified\":\"2025-07-07T13:53:40+00:00\",\"description\":\"Skriv dig op til vores nyhedsbrev, og modtag seneste nyt om flotte og indflytningsklare boliger i Aalborg og Stork\u00f8benhavn.\",\"breadcrumb\":{\"@id\":\"https:\/\/www.cwobel-ejendomme.dk\/bolig\/nyhedsbrev\/#breadcrumb\"},\"inLanguage\":\"da-DK\",\"potentialAction\":[{\"@type\":\"ReadAction\",\"target\":[\"https:\/\/www.cwobel-ejendomme.dk\/bolig\/nyhedsbrev\/\"]}]},{\"@type\":\"BreadcrumbList\",\"@id\":\"https:\/\/www.cwobel-ejendomme.dk\/bolig\/nyhedsbrev\/#breadcrumb\",\"itemListElement\":[{\"@type\":\"ListItem\",\"position\":1,\"name\":\"Hjem\",\"item\":\"https:\/\/www.cwobel-ejendomme.dk\/bolig\/\"},{\"@type\":\"ListItem\",\"position\":2,\"name\":\"Nyhedsbrev\"}]},{\"@type\":\"WebSite\",\"@id\":\"https:\/\/www.cwobel-ejendomme.dk\/bolig\/#website\",\"url\":\"https:\/\/www.cwobel-ejendomme.dk\/bolig\/\",\"name\":\"C.W. Obel Ejendomme\",\"description\":\"C.W. Obel Ejendomme\",\"potentialAction\":[{\"@type\":\"SearchAction\",\"target\":{\"@type\":\"EntryPoint\",\"urlTemplate\":\"https:\/\/www.cwobel-ejendomme.dk\/bolig\/?s={search_term_string}\"},\"query-input\":{\"@type\":\"PropertyValueSpecification\",\"valueRequired\":true,\"valueName\":\"search_term_string\"}}],\"inLanguage\":\"da-DK\"}]}<\/script>\n<!-- \/ Yoast SEO Premium plugin. -->","yoast_head_json":{"title":"Skriv dig op til vores nyhedsbrev","description":"Skriv dig op til vores nyhedsbrev, og modtag seneste nyt om flotte og indflytningsklare boliger i Aalborg og Stork\u00f8benhavn.","robots":{"index":"index","follow":"follow","max-snippet":"max-snippet:-1","max-image-preview":"max-image-preview:large","max-video-preview":"max-video-preview:-1"},"canonical":"https:\/\/www.cwobel-ejendomme.dk\/bolig\/nyhedsbrev\/","og_locale":"da_DK","og_type":"article","og_title":"Nyhedsbrev","og_description":"Skriv dig op til vores nyhedsbrev, og modtag seneste nyt om flotte og indflytningsklare boliger i Aalborg og Stork\u00f8benhavn.","og_url":"https:\/\/www.cwobel-ejendomme.dk\/bolig\/nyhedsbrev\/","og_site_name":"C.W. Obel Ejendomme","article_modified_time":"2025-07-07T13:53:40+00:00","og_image":[{"width":2409,"height":1546,"url":"https:\/\/www.cwobel-ejendomme.dk\/bolig\/wp-content\/uploads\/sites\/2\/2022\/06\/shutterstock_695217586_WEB.jpg","type":"image\/jpeg"}],"twitter_card":"summary_large_image","twitter_misc":{"Estimeret l\u00e6setid":"3 minutter"},"schema":{"@context":"https:\/\/schema.org","@graph":[{"@type":"WebPage","@id":"https:\/\/www.cwobel-ejendomme.dk\/bolig\/nyhedsbrev\/","url":"https:\/\/www.cwobel-ejendomme.dk\/bolig\/nyhedsbrev\/","name":"Skriv dig op til vores nyhedsbrev","isPartOf":{"@id":"https:\/\/www.cwobel-ejendomme.dk\/bolig\/#website"},"datePublished":"2022-05-05T12:58:15+00:00","dateModified":"2025-07-07T13:53:40+00:00","description":"Skriv dig op til vores nyhedsbrev, og modtag seneste nyt om flotte og indflytningsklare boliger i Aalborg og Stork\u00f8benhavn.","breadcrumb":{"@id":"https:\/\/www.cwobel-ejendomme.dk\/bolig\/nyhedsbrev\/#breadcrumb"},"inLanguage":"da-DK","potentialAction":[{"@type":"ReadAction","target":["https:\/\/www.cwobel-ejendomme.dk\/bolig\/nyhedsbrev\/"]}]},{"@type":"BreadcrumbList","@id":"https:\/\/www.cwobel-ejendomme.dk\/bolig\/nyhedsbrev\/#breadcrumb","itemListElement":[{"@type":"ListItem","position":1,"name":"Hjem","item":"https:\/\/www.cwobel-ejendomme.dk\/bolig\/"},{"@type":"ListItem","position":2,"name":"Nyhedsbrev"}]},{"@type":"WebSite","@id":"https:\/\/www.cwobel-ejendomme.dk\/bolig\/#website","url":"https:\/\/www.cwobel-ejendomme.dk\/bolig\/","name":"C.W. Obel Ejendomme","description":"C.W. Obel Ejendomme","potentialAction":[{"@type":"SearchAction","target":{"@type":"EntryPoint","urlTemplate":"https:\/\/www.cwobel-ejendomme.dk\/bolig\/?s={search_term_string}"},"query-input":{"@type":"PropertyValueSpecification","valueRequired":true,"valueName":"search_term_string"}}],"inLanguage":"da-DK"}]}},"acf":[],"_links":{"self":[{"href":"https:\/\/www.cwobel-ejendomme.dk\/bolig\/wp-json\/wp\/v2\/pages\/57","targetHints":{"allow":["GET"]}}],"collection":[{"href":"https:\/\/www.cwobel-ejendomme.dk\/bolig\/wp-json\/wp\/v2\/pages"}],"about":[{"href":"https:\/\/www.cwobel-ejendomme.dk\/bolig\/wp-json\/wp\/v2\/types\/page"}],"author":[{"embeddable":true,"href":"https:\/\/www.cwobel-ejendomme.dk\/bolig\/wp-json\/wp\/v2\/users\/1"}],"replies":[{"embeddable":true,"href":"https:\/\/www.cwobel-ejendomme.dk\/bolig\/wp-json\/wp\/v2\/comments?post=57"}],"version-history":[{"count":9,"href":"https:\/\/www.cwobel-ejendomme.dk\/bolig\/wp-json\/wp\/v2\/pages\/57\/revisions"}],"predecessor-version":[{"id":23363,"href":"https:\/\/www.cwobel-ejendomme.dk\/bolig\/wp-json\/wp\/v2\/pages\/57\/revisions\/23363"}],"wp:attachment":[{"href":"https:\/\/www.cwobel-ejendomme.dk\/bolig\/wp-json\/wp\/v2\/media?parent=57"}],"curies":[{"name":"wp","href":"https:\/\/api.w.org\/{rel}","templated":true}]}}