{"id":382,"date":"2022-06-14T15:48:30","date_gmt":"2022-06-14T13:48:30","guid":{"rendered":"https:\/\/www.cwobel-ejendomme.dk\/bolig\/?page_id=382"},"modified":"2026-02-24T10:43:18","modified_gmt":"2026-02-24T09:43:18","slug":"fraflytning","status":"publish","type":"page","link":"https:\/\/www.cwobel-ejendomme.dk\/bolig\/vaerd-at-vide-som-lejer\/fraflytning\/","title":{"rendered":"Fraflytning"},"content":{"rendered":"\n<p><br><br><br><br><br>N\u00e5r du skal flytte ud \u2013 herunder istands\u00e6ttelse <br>Opsigelse <br>Du har opsagt dit lejem\u00e5l og modtaget en bekr\u00e6ftelse fra udlejer p\u00e5 opsigelsen af dit lejem\u00e5l. L\u00e6s evt. afsnittet om opsigelse af lejem\u00e5l. <br>Lejem\u00e5lets stand ved fraflytning <br>Du har overtaget dit lejem\u00e5l nyistandsat og skal aflevere lejem\u00e5let som aftalt i din lejekontrakt.&nbsp; <br>Forsyn <br>Vi tilbyder dig muligheden for et forsyn. Et forsyn er en gennemgang af lejem\u00e5let, hvor lejem\u00e5let bliver gennemg\u00e5et sammen med ejendommens vicev\u00e6rt, og du bliver gjort bekendt med hvilke ting, som vi forventer skal udf\u00f8res i forbindelse med din fraflytning. <br>Forsynet er ikke at betragte som et endeligt flyttesyn, men er en ekstra service til dig, s\u00e5ledes du har mulighed for at dr\u00f8fte forholdene med os \u2013 forud for fraflytning. <br>Kontaktdata p\u00e5 ejendommens vicev\u00e6rt vil st\u00e5 i skrivelsen, hvor vi bekr\u00e6fter din opsigelse. <br>Flyttesyn <br>Du vil blive indkaldt til et fraflytningssyn. Fraflytningssynet er den sidste gennemgang forud for, at du overdrager n\u00f8glerne til lejem\u00e5let til os. P\u00e5 samme m\u00e5de som ved indflytningssynet vil lejem\u00e5let blive gennemg\u00e5et med dig og ejendommens vicev\u00e6rt og en fraflytningsrapport med tilh\u00f8rende fotodokumentation vil blive udarbejdet til brug for endelig flytteafregning. Fraflytningssynet tager ca. en time. Du vil p\u00e5 m\u00f8det f\u00e5 et prisoverslag p\u00e5 istands\u00e6ttelsesarbejdet. <br>Flytteafregning <br>Flytteafregningen er en \u00f8konomisk opg\u00f8relse over vores mellemv\u00e6rende. Depositum, forudbetalt leje, aconto vand og varme samt istands\u00e6ttelsesomkostningerne. <br>Endelig afregning vil blive sendt til dig ca. 6-8 uger efter din frig\u00f8relsesdato. <br>Der vil blive tilbageholdt et mindre bel\u00f8b indtil endelig vand- og varmeregnskab foreligger. L\u00e6s mere herom under huslejeopkr\u00e6vning, depositum mv. <br>Indsigelse <br>S\u00e5fremt du ikke er enig i omfanget af istands\u00e6ttelsesarbejdet, kan sagen indbringes for Huslejen\u00e6vnet som er en uvildig instans.<br><br><br><a href=\"https:\/\/app.penneo.com\/public\/form\/HFZEH-FWSDG-8D3XX-J6UCK-TEQ2Y-H8LNE\/U4MXC-PJQAI-IEJH4-WGVKG-GXV43-P6F7F?group=Opsigelse_og_fraflytning\" target=\"_blank\" rel=\"noopener\">Udfyld blanketten ved opsigelse af lejem\u00e5l<\/a><br><br>fraflytning-blanket<br><br>Tilbage til oversigt<br><a href=\"\/bolig\/vaerd-at-vide-som-lejer\/\">\/bolig\/vaerd-at-vide-som-lejer\/<\/a><br><br><br><\/p>\n","protected":false},"excerpt":{"rendered":"<p>N\u00e5r du skal flytte ud \u2013 herunder istands\u00e6ttelse Opsigelse Du har opsagt dit lejem\u00e5l og modtaget en bekr\u00e6ftelse<span class=\"excerpt-hellip\"> [\u2026]<\/span><\/p>\n","protected":false},"author":7,"featured_media":19811,"parent":46,"menu_order":0,"comment_status":"closed","ping_status":"closed","template":"","meta":{"_acf_changed":false,"footnotes":""},"class_list":["post-382","page","type-page","status-publish","has-post-thumbnail","hentry"],"yoast_head":"<!-- This site is optimized with the Yoast SEO Premium plugin v25.3.1 (Yoast SEO v25.3.1) - https:\/\/yoast.com\/wordpress\/plugins\/seo\/ -->\n<title>Info om fraflytning<\/title>\n<meta name=\"description\" content=\"Vigtig information om fraflytning hos C.W. Obel Ejendomme. Hvad skal du v\u00e6re opm\u00e6rksom p\u00e5, n\u00e5r du har opsagt dit lejem\u00e5l?\" \/>\n<meta name=\"robots\" content=\"index, follow, max-snippet:-1, max-image-preview:large, max-video-preview:-1\" \/>\n<link rel=\"canonical\" href=\"https:\/\/www.cwobel-ejendomme.dk\/bolig\/vaerd-at-vide-som-lejer\/fraflytning\/\" \/>\n<meta property=\"og:locale\" content=\"da_DK\" \/>\n<meta property=\"og:type\" content=\"article\" \/>\n<meta property=\"og:title\" content=\"Fraflytning\" \/>\n<meta property=\"og:description\" content=\"Vigtig information om fraflytning hos C.W. Obel Ejendomme. Hvad skal du v\u00e6re opm\u00e6rksom p\u00e5, n\u00e5r du har opsagt dit lejem\u00e5l?\" \/>\n<meta property=\"og:url\" content=\"https:\/\/www.cwobel-ejendomme.dk\/bolig\/vaerd-at-vide-som-lejer\/fraflytning\/\" \/>\n<meta property=\"og:site_name\" content=\"C.W. Obel Ejendomme\" \/>\n<meta property=\"article:modified_time\" content=\"2026-02-24T09:43:18+00:00\" \/>\n<meta property=\"og:image\" content=\"https:\/\/www.cwobel-ejendomme.dk\/bolig\/wp-content\/uploads\/sites\/2\/2024\/06\/Indflytning.jpeg\" \/>\n\t<meta property=\"og:image:width\" content=\"800\" \/>\n\t<meta property=\"og:image:height\" content=\"444\" \/>\n\t<meta property=\"og:image:type\" content=\"image\/jpeg\" \/>\n<meta name=\"twitter:card\" content=\"summary_large_image\" \/>\n<meta name=\"twitter:label1\" content=\"Estimeret l\u00e6setid\" \/>\n\t<meta name=\"twitter:data1\" content=\"2 minutter\" \/>\n<script type=\"application\/ld+json\" class=\"yoast-schema-graph\">{\"@context\":\"https:\/\/schema.org\",\"@graph\":[{\"@type\":\"WebPage\",\"@id\":\"https:\/\/www.cwobel-ejendomme.dk\/bolig\/vaerd-at-vide-som-lejer\/fraflytning\/\",\"url\":\"https:\/\/www.cwobel-ejendomme.dk\/bolig\/vaerd-at-vide-som-lejer\/fraflytning\/\",\"name\":\"Info om fraflytning\",\"isPartOf\":{\"@id\":\"https:\/\/www.cwobel-ejendomme.dk\/bolig\/#website\"},\"primaryImageOfPage\":{\"@id\":\"https:\/\/www.cwobel-ejendomme.dk\/bolig\/vaerd-at-vide-som-lejer\/fraflytning\/#primaryimage\"},\"image\":{\"@id\":\"https:\/\/www.cwobel-ejendomme.dk\/bolig\/vaerd-at-vide-som-lejer\/fraflytning\/#primaryimage\"},\"thumbnailUrl\":\"https:\/\/www.cwobel-ejendomme.dk\/bolig\/wp-content\/uploads\/sites\/2\/2024\/06\/Indflytning.jpeg\",\"datePublished\":\"2022-06-14T13:48:30+00:00\",\"dateModified\":\"2026-02-24T09:43:18+00:00\",\"description\":\"Vigtig information om fraflytning hos C.W. Obel Ejendomme. Hvad skal du v\u00e6re opm\u00e6rksom p\u00e5, n\u00e5r du har opsagt dit lejem\u00e5l?\",\"breadcrumb\":{\"@id\":\"https:\/\/www.cwobel-ejendomme.dk\/bolig\/vaerd-at-vide-som-lejer\/fraflytning\/#breadcrumb\"},\"inLanguage\":\"da-DK\",\"potentialAction\":[{\"@type\":\"ReadAction\",\"target\":[\"https:\/\/www.cwobel-ejendomme.dk\/bolig\/vaerd-at-vide-som-lejer\/fraflytning\/\"]}]},{\"@type\":\"ImageObject\",\"inLanguage\":\"da-DK\",\"@id\":\"https:\/\/www.cwobel-ejendomme.dk\/bolig\/vaerd-at-vide-som-lejer\/fraflytning\/#primaryimage\",\"url\":\"https:\/\/www.cwobel-ejendomme.dk\/bolig\/wp-content\/uploads\/sites\/2\/2024\/06\/Indflytning.jpeg\",\"contentUrl\":\"https:\/\/www.cwobel-ejendomme.dk\/bolig\/wp-content\/uploads\/sites\/2\/2024\/06\/Indflytning.jpeg\",\"width\":800,\"height\":444,\"caption\":\"Fraflytning\"},{\"@type\":\"BreadcrumbList\",\"@id\":\"https:\/\/www.cwobel-ejendomme.dk\/bolig\/vaerd-at-vide-som-lejer\/fraflytning\/#breadcrumb\",\"itemListElement\":[{\"@type\":\"ListItem\",\"position\":1,\"name\":\"Hjem\",\"item\":\"https:\/\/www.cwobel-ejendomme.dk\/bolig\/\"},{\"@type\":\"ListItem\",\"position\":2,\"name\":\"V\u00e6rd at vide som lejer\",\"item\":\"https:\/\/www.cwobel-ejendomme.dk\/bolig\/vaerd-at-vide-som-lejer\/\"},{\"@type\":\"ListItem\",\"position\":3,\"name\":\"Fraflytning\"}]},{\"@type\":\"WebSite\",\"@id\":\"https:\/\/www.cwobel-ejendomme.dk\/bolig\/#website\",\"url\":\"https:\/\/www.cwobel-ejendomme.dk\/bolig\/\",\"name\":\"C.W. Obel Ejendomme\",\"description\":\"C.W. Obel Ejendomme\",\"potentialAction\":[{\"@type\":\"SearchAction\",\"target\":{\"@type\":\"EntryPoint\",\"urlTemplate\":\"https:\/\/www.cwobel-ejendomme.dk\/bolig\/?s={search_term_string}\"},\"query-input\":{\"@type\":\"PropertyValueSpecification\",\"valueRequired\":true,\"valueName\":\"search_term_string\"}}],\"inLanguage\":\"da-DK\"}]}<\/script>\n<!-- \/ Yoast SEO Premium plugin. -->","yoast_head_json":{"title":"Info om fraflytning","description":"Vigtig information om fraflytning hos C.W. Obel Ejendomme. Hvad skal du v\u00e6re opm\u00e6rksom p\u00e5, n\u00e5r du har opsagt dit lejem\u00e5l?","robots":{"index":"index","follow":"follow","max-snippet":"max-snippet:-1","max-image-preview":"max-image-preview:large","max-video-preview":"max-video-preview:-1"},"canonical":"https:\/\/www.cwobel-ejendomme.dk\/bolig\/vaerd-at-vide-som-lejer\/fraflytning\/","og_locale":"da_DK","og_type":"article","og_title":"Fraflytning","og_description":"Vigtig information om fraflytning hos C.W. Obel Ejendomme. Hvad skal du v\u00e6re opm\u00e6rksom p\u00e5, n\u00e5r du har opsagt dit lejem\u00e5l?","og_url":"https:\/\/www.cwobel-ejendomme.dk\/bolig\/vaerd-at-vide-som-lejer\/fraflytning\/","og_site_name":"C.W. Obel Ejendomme","article_modified_time":"2026-02-24T09:43:18+00:00","og_image":[{"width":800,"height":444,"url":"https:\/\/www.cwobel-ejendomme.dk\/bolig\/wp-content\/uploads\/sites\/2\/2024\/06\/Indflytning.jpeg","type":"image\/jpeg"}],"twitter_card":"summary_large_image","twitter_misc":{"Estimeret l\u00e6setid":"2 minutter"},"schema":{"@context":"https:\/\/schema.org","@graph":[{"@type":"WebPage","@id":"https:\/\/www.cwobel-ejendomme.dk\/bolig\/vaerd-at-vide-som-lejer\/fraflytning\/","url":"https:\/\/www.cwobel-ejendomme.dk\/bolig\/vaerd-at-vide-som-lejer\/fraflytning\/","name":"Info om fraflytning","isPartOf":{"@id":"https:\/\/www.cwobel-ejendomme.dk\/bolig\/#website"},"primaryImageOfPage":{"@id":"https:\/\/www.cwobel-ejendomme.dk\/bolig\/vaerd-at-vide-som-lejer\/fraflytning\/#primaryimage"},"image":{"@id":"https:\/\/www.cwobel-ejendomme.dk\/bolig\/vaerd-at-vide-som-lejer\/fraflytning\/#primaryimage"},"thumbnailUrl":"https:\/\/www.cwobel-ejendomme.dk\/bolig\/wp-content\/uploads\/sites\/2\/2024\/06\/Indflytning.jpeg","datePublished":"2022-06-14T13:48:30+00:00","dateModified":"2026-02-24T09:43:18+00:00","description":"Vigtig information om fraflytning hos C.W. Obel Ejendomme. Hvad skal du v\u00e6re opm\u00e6rksom p\u00e5, n\u00e5r du har opsagt dit lejem\u00e5l?","breadcrumb":{"@id":"https:\/\/www.cwobel-ejendomme.dk\/bolig\/vaerd-at-vide-som-lejer\/fraflytning\/#breadcrumb"},"inLanguage":"da-DK","potentialAction":[{"@type":"ReadAction","target":["https:\/\/www.cwobel-ejendomme.dk\/bolig\/vaerd-at-vide-som-lejer\/fraflytning\/"]}]},{"@type":"ImageObject","inLanguage":"da-DK","@id":"https:\/\/www.cwobel-ejendomme.dk\/bolig\/vaerd-at-vide-som-lejer\/fraflytning\/#primaryimage","url":"https:\/\/www.cwobel-ejendomme.dk\/bolig\/wp-content\/uploads\/sites\/2\/2024\/06\/Indflytning.jpeg","contentUrl":"https:\/\/www.cwobel-ejendomme.dk\/bolig\/wp-content\/uploads\/sites\/2\/2024\/06\/Indflytning.jpeg","width":800,"height":444,"caption":"Fraflytning"},{"@type":"BreadcrumbList","@id":"https:\/\/www.cwobel-ejendomme.dk\/bolig\/vaerd-at-vide-som-lejer\/fraflytning\/#breadcrumb","itemListElement":[{"@type":"ListItem","position":1,"name":"Hjem","item":"https:\/\/www.cwobel-ejendomme.dk\/bolig\/"},{"@type":"ListItem","position":2,"name":"V\u00e6rd at vide som lejer","item":"https:\/\/www.cwobel-ejendomme.dk\/bolig\/vaerd-at-vide-som-lejer\/"},{"@type":"ListItem","position":3,"name":"Fraflytning"}]},{"@type":"WebSite","@id":"https:\/\/www.cwobel-ejendomme.dk\/bolig\/#website","url":"https:\/\/www.cwobel-ejendomme.dk\/bolig\/","name":"C.W. Obel Ejendomme","description":"C.W. Obel Ejendomme","potentialAction":[{"@type":"SearchAction","target":{"@type":"EntryPoint","urlTemplate":"https:\/\/www.cwobel-ejendomme.dk\/bolig\/?s={search_term_string}"},"query-input":{"@type":"PropertyValueSpecification","valueRequired":true,"valueName":"search_term_string"}}],"inLanguage":"da-DK"}]}},"acf":[],"_links":{"self":[{"href":"https:\/\/www.cwobel-ejendomme.dk\/bolig\/wp-json\/wp\/v2\/pages\/382","targetHints":{"allow":["GET"]}}],"collection":[{"href":"https:\/\/www.cwobel-ejendomme.dk\/bolig\/wp-json\/wp\/v2\/pages"}],"about":[{"href":"https:\/\/www.cwobel-ejendomme.dk\/bolig\/wp-json\/wp\/v2\/types\/page"}],"author":[{"embeddable":true,"href":"https:\/\/www.cwobel-ejendomme.dk\/bolig\/wp-json\/wp\/v2\/users\/7"}],"replies":[{"embeddable":true,"href":"https:\/\/www.cwobel-ejendomme.dk\/bolig\/wp-json\/wp\/v2\/comments?post=382"}],"version-history":[{"count":3,"href":"https:\/\/www.cwobel-ejendomme.dk\/bolig\/wp-json\/wp\/v2\/pages\/382\/revisions"}],"predecessor-version":[{"id":19669,"href":"https:\/\/www.cwobel-ejendomme.dk\/bolig\/wp-json\/wp\/v2\/pages\/382\/revisions\/19669"}],"up":[{"embeddable":true,"href":"https:\/\/www.cwobel-ejendomme.dk\/bolig\/wp-json\/wp\/v2\/pages\/46"}],"wp:featuredmedia":[{"embeddable":true,"href":"https:\/\/www.cwobel-ejendomme.dk\/bolig\/wp-json\/wp\/v2\/media\/19811"}],"wp:attachment":[{"href":"https:\/\/www.cwobel-ejendomme.dk\/bolig\/wp-json\/wp\/v2\/media?parent=382"}],"curies":[{"name":"wp","href":"https:\/\/api.w.org\/{rel}","templated":true}]}}