{"id":376,"date":"2022-06-14T15:35:16","date_gmt":"2022-06-14T13:35:16","guid":{"rendered":"https:\/\/www.cwobel-ejendomme.dk\/bolig\/?page_id=376"},"modified":"2025-12-08T14:57:45","modified_gmt":"2025-12-08T13:57:45","slug":"parkering","status":"publish","type":"page","link":"https:\/\/www.cwobel-ejendomme.dk\/bolig\/vaerd-at-vide-som-lejer\/parkering\/","title":{"rendered":"Parkering"},"content":{"rendered":"<h1>Parkering<\/h1>\n<p><img decoding=\"async\" src=\"https:\/\/www.cwobel-ejendomme.dk\/bolig\/wp-content\/uploads\/sites\/2\/2022\/06\/Parkering_800x444px.jpg\" alt=\"Parkering\" \/><br \/>\n&nbsp;<\/p>\n<p>Parkering p\u00e5 vores ejendomme<\/p>\n<p>Her finder du de parkeringsmuligheder vi kan tilbyde vores beboere p\u00e5 de forskellige ejendomme.<\/p>\n<p>Leje af en p-plads foruds\u00e6tter at der er ledige pladser.<\/p>\n<p>Du kan kontakte boligadministrationen for yderligere information.<a href=\"tel:33339292\">33 33 92 92<\/a>&nbsp;eller&nbsp;<a href=\"mailto:bolig@cwobel.dk\">bolig@cwobel.dk<\/a><\/p>\n<p>Gr\u00f8nningen<\/p>\n<p>P\u00e5 Gr\u00f8nningen p\u00e5 Islands Brygge er der gode parkeringsmuligheder i omr\u00e5det. Du kan k\u00f8be en beboerlicens ved kommunen, som giver mulighed for at parkere d\u00f8gnet rundt i omr\u00e5det.<\/p>\n<p>CobraHave<\/p>\n<p>Ejendommen CobraHave i \u00d8restad Syd har lukket parkeringsk\u00e6lder, med mulighed for at leje en parkeringsplads. Parkeringsk\u00e6lderen har el-ladestandere.<\/p>\n<p>CobraHus<\/p>\n<p>Der er parkeringsk\u00e6lder under ejendommen, hvor der er begr\u00e6nset mulighed for at leje en p-plads.<\/p>\n<p>Der etableres el-ladestandere i parkeringsk\u00e6lderen, s\u00e5 det er muligt at oplade el- og hybridbiler, s\u00e5fremt beboeren selv har et Clever abonnement.<\/p>\n<p>Teglv\u00e6rkskajen<\/p>\n<p>P\u00e5 vores ejendom Teglv\u00e6rkskajen p\u00e5 Teglholmen, er der tilh\u00f8rende parkeringsk\u00e6lder med mulighed for at leje en parkeringsplads. Der er el-ladestandere i parkeringsk\u00e6lderen.<\/p>\n<p>Trekronergade124<\/p>\n<p>P\u00e5 Trekronergade124 i Valby er der gode parkeringsmuligheder i omr\u00e5det omkring ejendommen. Du kan k\u00f8be en beboerlicens ved kommunen.&nbsp;<\/p>\n<p>Kirkebjerg Parken<\/p>\n<p>I Kirkebjerg Parken har hver bolig mulighed for at parkere p\u00e5 terr\u00e6n med \u00e9n bil. Bilens nr. plade skal registreres via et link som f\u00e5s hos boligadministrationen. Ydermere har du mulighed for at leje en parkeringsplads i p-k\u00e6lderen.&nbsp;Der er mulighed for at oplade hybrid- eller elbiler.<\/p>\n<p>AstaHus<\/p>\n<p>Bor du i AstaHus i Aalborg kan du leje en parkeringsplads i C.W. Obel Ejendommes p-hus, som ligger t\u00e6t p\u00e5. I P-huset er der mulighed for at oplade hybrid- eller elbiler.<\/p>\n<p>Er du beboer og interesseret i en parkeringsplads?<\/p>\n<p>Kontakt boligadministrationen p\u00e5&nbsp;<a href=\"tel:33339292\">33 33 92 92<\/a>&nbsp;eller&nbsp;<a href=\"mailto:bolig@cwobel.dk\">bolig@cwobel.dk.<\/a><\/p>\n<p><a href=\"https:\/\/app.penneo.com\/public\/form\/HFZEH-FWSDG-8D3XX-J6UCK-TEQ2Y-H8LNE\/U4MXC-PJQAI-IEJH4-WGVKG-GXV43-P6F7F?group=Opsigelse_og_fraflytning\" target=\"_blank\">Udfyld blanketten ved opsigelse af lejem\u00e5l<\/a><\/p>\n<p><a href=\"\/bolig\/vaerd-at-vide-som-lejer\/\" title=\"\">Tilbage til oversigt<\/a><\/p>\n","protected":false},"excerpt":{"rendered":"<p>Parkering &nbsp; Parkering p\u00e5 vores ejendomme Her finder du de parkeringsmuligheder vi kan tilbyde vores beboere p\u00e5 de<span class=\"excerpt-hellip\"> [\u2026]<\/span><\/p>\n","protected":false},"author":7,"featured_media":19822,"parent":46,"menu_order":0,"comment_status":"closed","ping_status":"closed","template":"","meta":{"_acf_changed":false,"footnotes":""},"class_list":["post-376","page","type-page","status-publish","has-post-thumbnail","hentry"],"yoast_head":"<!-- This site is optimized with the Yoast SEO Premium plugin v25.3.1 (Yoast SEO v25.3.1) - https:\/\/yoast.com\/wordpress\/plugins\/seo\/ -->\n<title>Info om parkering<\/title>\n<meta name=\"description\" content=\"Info om parkering. Her finder du de parkeringsmuligheder, vi kan tilbyde vores beboere p\u00e5 de forskellige ejendomme.\" \/>\n<meta name=\"robots\" content=\"index, follow, max-snippet:-1, max-image-preview:large, max-video-preview:-1\" \/>\n<link rel=\"canonical\" href=\"https:\/\/www.cwobel-ejendomme.dk\/bolig\/vaerd-at-vide-som-lejer\/parkering\/\" \/>\n<meta property=\"og:locale\" content=\"da_DK\" \/>\n<meta property=\"og:type\" content=\"article\" \/>\n<meta property=\"og:title\" content=\"Parkering\" \/>\n<meta property=\"og:description\" content=\"Info om parkering. Her finder du de parkeringsmuligheder, vi kan tilbyde vores beboere p\u00e5 de forskellige ejendomme.\" \/>\n<meta property=\"og:url\" content=\"https:\/\/www.cwobel-ejendomme.dk\/bolig\/vaerd-at-vide-som-lejer\/parkering\/\" \/>\n<meta property=\"og:site_name\" content=\"C.W. Obel Ejendomme\" \/>\n<meta property=\"article:modified_time\" content=\"2025-12-08T13:57:45+00:00\" \/>\n<meta property=\"og:image\" content=\"https:\/\/www.cwobel-ejendomme.dk\/bolig\/wp-content\/uploads\/sites\/2\/2024\/06\/Parkering.jpeg\" \/>\n\t<meta property=\"og:image:width\" content=\"800\" \/>\n\t<meta property=\"og:image:height\" content=\"444\" \/>\n\t<meta property=\"og:image:type\" content=\"image\/jpeg\" \/>\n<meta name=\"twitter:card\" content=\"summary_large_image\" \/>\n<meta name=\"twitter:label1\" content=\"Estimeret l\u00e6setid\" \/>\n\t<meta name=\"twitter:data1\" content=\"2 minutter\" \/>\n<script type=\"application\/ld+json\" class=\"yoast-schema-graph\">{\"@context\":\"https:\/\/schema.org\",\"@graph\":[{\"@type\":\"WebPage\",\"@id\":\"https:\/\/www.cwobel-ejendomme.dk\/bolig\/vaerd-at-vide-som-lejer\/parkering\/\",\"url\":\"https:\/\/www.cwobel-ejendomme.dk\/bolig\/vaerd-at-vide-som-lejer\/parkering\/\",\"name\":\"Info om parkering\",\"isPartOf\":{\"@id\":\"https:\/\/www.cwobel-ejendomme.dk\/bolig\/#website\"},\"primaryImageOfPage\":{\"@id\":\"https:\/\/www.cwobel-ejendomme.dk\/bolig\/vaerd-at-vide-som-lejer\/parkering\/#primaryimage\"},\"image\":{\"@id\":\"https:\/\/www.cwobel-ejendomme.dk\/bolig\/vaerd-at-vide-som-lejer\/parkering\/#primaryimage\"},\"thumbnailUrl\":\"https:\/\/www.cwobel-ejendomme.dk\/bolig\/wp-content\/uploads\/sites\/2\/2024\/06\/Parkering.jpeg\",\"datePublished\":\"2022-06-14T13:35:16+00:00\",\"dateModified\":\"2025-12-08T13:57:45+00:00\",\"description\":\"Info om parkering. Her finder du de parkeringsmuligheder, vi kan tilbyde vores beboere p\u00e5 de forskellige ejendomme.\",\"breadcrumb\":{\"@id\":\"https:\/\/www.cwobel-ejendomme.dk\/bolig\/vaerd-at-vide-som-lejer\/parkering\/#breadcrumb\"},\"inLanguage\":\"da-DK\",\"potentialAction\":[{\"@type\":\"ReadAction\",\"target\":[\"https:\/\/www.cwobel-ejendomme.dk\/bolig\/vaerd-at-vide-som-lejer\/parkering\/\"]}]},{\"@type\":\"ImageObject\",\"inLanguage\":\"da-DK\",\"@id\":\"https:\/\/www.cwobel-ejendomme.dk\/bolig\/vaerd-at-vide-som-lejer\/parkering\/#primaryimage\",\"url\":\"https:\/\/www.cwobel-ejendomme.dk\/bolig\/wp-content\/uploads\/sites\/2\/2024\/06\/Parkering.jpeg\",\"contentUrl\":\"https:\/\/www.cwobel-ejendomme.dk\/bolig\/wp-content\/uploads\/sites\/2\/2024\/06\/Parkering.jpeg\",\"width\":800,\"height\":444,\"caption\":\"Parkering\"},{\"@type\":\"BreadcrumbList\",\"@id\":\"https:\/\/www.cwobel-ejendomme.dk\/bolig\/vaerd-at-vide-som-lejer\/parkering\/#breadcrumb\",\"itemListElement\":[{\"@type\":\"ListItem\",\"position\":1,\"name\":\"Hjem\",\"item\":\"https:\/\/www.cwobel-ejendomme.dk\/bolig\/\"},{\"@type\":\"ListItem\",\"position\":2,\"name\":\"V\u00e6rd at vide som lejer\",\"item\":\"https:\/\/www.cwobel-ejendomme.dk\/bolig\/vaerd-at-vide-som-lejer\/\"},{\"@type\":\"ListItem\",\"position\":3,\"name\":\"Parkering\"}]},{\"@type\":\"WebSite\",\"@id\":\"https:\/\/www.cwobel-ejendomme.dk\/bolig\/#website\",\"url\":\"https:\/\/www.cwobel-ejendomme.dk\/bolig\/\",\"name\":\"C.W. Obel Ejendomme\",\"description\":\"C.W. Obel Ejendomme\",\"potentialAction\":[{\"@type\":\"SearchAction\",\"target\":{\"@type\":\"EntryPoint\",\"urlTemplate\":\"https:\/\/www.cwobel-ejendomme.dk\/bolig\/?s={search_term_string}\"},\"query-input\":{\"@type\":\"PropertyValueSpecification\",\"valueRequired\":true,\"valueName\":\"search_term_string\"}}],\"inLanguage\":\"da-DK\"}]}<\/script>\n<!-- \/ Yoast SEO Premium plugin. -->","yoast_head_json":{"title":"Info om parkering","description":"Info om parkering. Her finder du de parkeringsmuligheder, vi kan tilbyde vores beboere p\u00e5 de forskellige ejendomme.","robots":{"index":"index","follow":"follow","max-snippet":"max-snippet:-1","max-image-preview":"max-image-preview:large","max-video-preview":"max-video-preview:-1"},"canonical":"https:\/\/www.cwobel-ejendomme.dk\/bolig\/vaerd-at-vide-som-lejer\/parkering\/","og_locale":"da_DK","og_type":"article","og_title":"Parkering","og_description":"Info om parkering. Her finder du de parkeringsmuligheder, vi kan tilbyde vores beboere p\u00e5 de forskellige ejendomme.","og_url":"https:\/\/www.cwobel-ejendomme.dk\/bolig\/vaerd-at-vide-som-lejer\/parkering\/","og_site_name":"C.W. Obel Ejendomme","article_modified_time":"2025-12-08T13:57:45+00:00","og_image":[{"width":800,"height":444,"url":"https:\/\/www.cwobel-ejendomme.dk\/bolig\/wp-content\/uploads\/sites\/2\/2024\/06\/Parkering.jpeg","type":"image\/jpeg"}],"twitter_card":"summary_large_image","twitter_misc":{"Estimeret l\u00e6setid":"2 minutter"},"schema":{"@context":"https:\/\/schema.org","@graph":[{"@type":"WebPage","@id":"https:\/\/www.cwobel-ejendomme.dk\/bolig\/vaerd-at-vide-som-lejer\/parkering\/","url":"https:\/\/www.cwobel-ejendomme.dk\/bolig\/vaerd-at-vide-som-lejer\/parkering\/","name":"Info om parkering","isPartOf":{"@id":"https:\/\/www.cwobel-ejendomme.dk\/bolig\/#website"},"primaryImageOfPage":{"@id":"https:\/\/www.cwobel-ejendomme.dk\/bolig\/vaerd-at-vide-som-lejer\/parkering\/#primaryimage"},"image":{"@id":"https:\/\/www.cwobel-ejendomme.dk\/bolig\/vaerd-at-vide-som-lejer\/parkering\/#primaryimage"},"thumbnailUrl":"https:\/\/www.cwobel-ejendomme.dk\/bolig\/wp-content\/uploads\/sites\/2\/2024\/06\/Parkering.jpeg","datePublished":"2022-06-14T13:35:16+00:00","dateModified":"2025-12-08T13:57:45+00:00","description":"Info om parkering. Her finder du de parkeringsmuligheder, vi kan tilbyde vores beboere p\u00e5 de forskellige ejendomme.","breadcrumb":{"@id":"https:\/\/www.cwobel-ejendomme.dk\/bolig\/vaerd-at-vide-som-lejer\/parkering\/#breadcrumb"},"inLanguage":"da-DK","potentialAction":[{"@type":"ReadAction","target":["https:\/\/www.cwobel-ejendomme.dk\/bolig\/vaerd-at-vide-som-lejer\/parkering\/"]}]},{"@type":"ImageObject","inLanguage":"da-DK","@id":"https:\/\/www.cwobel-ejendomme.dk\/bolig\/vaerd-at-vide-som-lejer\/parkering\/#primaryimage","url":"https:\/\/www.cwobel-ejendomme.dk\/bolig\/wp-content\/uploads\/sites\/2\/2024\/06\/Parkering.jpeg","contentUrl":"https:\/\/www.cwobel-ejendomme.dk\/bolig\/wp-content\/uploads\/sites\/2\/2024\/06\/Parkering.jpeg","width":800,"height":444,"caption":"Parkering"},{"@type":"BreadcrumbList","@id":"https:\/\/www.cwobel-ejendomme.dk\/bolig\/vaerd-at-vide-som-lejer\/parkering\/#breadcrumb","itemListElement":[{"@type":"ListItem","position":1,"name":"Hjem","item":"https:\/\/www.cwobel-ejendomme.dk\/bolig\/"},{"@type":"ListItem","position":2,"name":"V\u00e6rd at vide som lejer","item":"https:\/\/www.cwobel-ejendomme.dk\/bolig\/vaerd-at-vide-som-lejer\/"},{"@type":"ListItem","position":3,"name":"Parkering"}]},{"@type":"WebSite","@id":"https:\/\/www.cwobel-ejendomme.dk\/bolig\/#website","url":"https:\/\/www.cwobel-ejendomme.dk\/bolig\/","name":"C.W. Obel Ejendomme","description":"C.W. Obel Ejendomme","potentialAction":[{"@type":"SearchAction","target":{"@type":"EntryPoint","urlTemplate":"https:\/\/www.cwobel-ejendomme.dk\/bolig\/?s={search_term_string}"},"query-input":{"@type":"PropertyValueSpecification","valueRequired":true,"valueName":"search_term_string"}}],"inLanguage":"da-DK"}]}},"acf":[],"_links":{"self":[{"href":"https:\/\/www.cwobel-ejendomme.dk\/bolig\/wp-json\/wp\/v2\/pages\/376","targetHints":{"allow":["GET"]}}],"collection":[{"href":"https:\/\/www.cwobel-ejendomme.dk\/bolig\/wp-json\/wp\/v2\/pages"}],"about":[{"href":"https:\/\/www.cwobel-ejendomme.dk\/bolig\/wp-json\/wp\/v2\/types\/page"}],"author":[{"embeddable":true,"href":"https:\/\/www.cwobel-ejendomme.dk\/bolig\/wp-json\/wp\/v2\/users\/7"}],"replies":[{"embeddable":true,"href":"https:\/\/www.cwobel-ejendomme.dk\/bolig\/wp-json\/wp\/v2\/comments?post=376"}],"version-history":[{"count":6,"href":"https:\/\/www.cwobel-ejendomme.dk\/bolig\/wp-json\/wp\/v2\/pages\/376\/revisions"}],"predecessor-version":[{"id":25846,"href":"https:\/\/www.cwobel-ejendomme.dk\/bolig\/wp-json\/wp\/v2\/pages\/376\/revisions\/25846"}],"up":[{"embeddable":true,"href":"https:\/\/www.cwobel-ejendomme.dk\/bolig\/wp-json\/wp\/v2\/pages\/46"}],"wp:featuredmedia":[{"embeddable":true,"href":"https:\/\/www.cwobel-ejendomme.dk\/bolig\/wp-json\/wp\/v2\/media\/19822"}],"wp:attachment":[{"href":"https:\/\/www.cwobel-ejendomme.dk\/bolig\/wp-json\/wp\/v2\/media?parent=376"}],"curies":[{"name":"wp","href":"https:\/\/api.w.org\/{rel}","templated":true}]}}