{"id":365,"date":"2022-06-14T15:06:22","date_gmt":"2022-06-14T13:06:22","guid":{"rendered":"https:\/\/www.cwobel-ejendomme.dk\/bolig\/?page_id=365"},"modified":"2024-07-11T11:09:05","modified_gmt":"2024-07-11T09:09:05","slug":"noegler","status":"publish","type":"page","link":"https:\/\/www.cwobel-ejendomme.dk\/bolig\/vaerd-at-vide-som-lejer\/noegler\/","title":{"rendered":"N\u00f8gler"},"content":{"rendered":"\n<p><br><br>N\u00e5r du flytter ind hos os, f\u00e5r du altid udleveret et s\u00e6t n\u00f8gler\/n\u00f8glebrikker. <br>Ved bortkomst af n\u00f8gler\/n\u00f8glebrikker eller ved behov for flere n\u00f8gler\/n\u00f8glebrikker skal ejendommens vicev\u00e6rt kontaktes. <br>Du kan ogs\u00e5 sende en mail til boligadministrationen p\u00e5 <a href=\"mailto:cwobel@bolig.dk\">bolig@cwobel.dk<\/a>.Husk at p\u00e5f\u00f8re navn og adresse.\u00a0 <br>Udgiften til nye\/ekstra n\u00f8gler\/n\u00f8glebrikker p\u00e5hviler dig som lejer.<br><br>Tilbage til oversigt<br><a href=\"\/bolig\/vaerd-at-vide-som-lejer\/\">\/bolig\/vaerd-at-vide-som-lejer\/<\/a><br><br><img decoding=\"async\" src=\"https:\/\/www.cwobel-ejendomme.dk\/bolig\/wp-content\/uploads\/sites\/2\/2022\/06\/Noegler_800x444.jpg\" alt=\"V\u00e6rd at vide N\u00f8gler\"><br><br>N\u00e5r du flytter ind hos os, f\u00e5r du altid udleveret et s\u00e6t n\u00f8gler\/n\u00f8glebrikker. <br>Ved bortkomst af n\u00f8gler\/n\u00f8glebrikker eller ved behov for flere n\u00f8gler\/n\u00f8glebrikker skal ejendommens vicev\u00e6rt kontaktes. <br>Du kan ogs\u00e5 sende en mail til boligadministrationen p\u00e5 <a href=\"mailto:cwobel@bolig.dk\">bolig@cwobel.dk<\/a>.Husk at p\u00e5f\u00f8re navn og adresse.\u00a0 <br>Udgiften til nye\/ekstra n\u00f8gler\/n\u00f8glebrikker p\u00e5hviler dig som lejer.<br><br>Tilbage til oversigt<br><a href=\"\/bolig\/vaerd-at-vide-som-lejer\/\">\/bolig\/vaerd-at-vide-som-lejer\/<\/a><br><br><h2>Mere end en boligFind din n\u00e6ste lejebolig hos C.W. Obel Ejendomme<\/h2> <br>C.W. Obel Ejendommes m\u00e5l er, at vores beboere f\u00f8ler sig hjemme og blomstrer i deres nye hjem. Derfor tilbyder vi en r\u00e6kke nye lejeboliger i <a href=\"\/bolig\/ledige-lejemaal\/storkoebenhavn\/\">Stork\u00f8benhavn<\/a> og <a href=\"\/bolig\/ledige-lejemaal\/aalborg\/\">Aalborg<\/a>, som vi har f\u00e5et bygget og istandsat, s\u00e5 de lever op til vores h\u00f8je kvalitetskrav og er helt indflytningsklar. De venter bare p\u00e5 dig.<br><br><h4>Hvorfor du skal v\u00e6lge en lejebolig hos C.W. Obel Ejendomme<\/h4> <br>Det kan v\u00e6re vanskeligt at overskue det enorme udbud af boligselskaber og boligportaler, n\u00e5r man skal finde sin n\u00e6ste lejebolig. Samtidig har eftersp\u00f8rgslen i de store byer aldrig v\u00e6ret st\u00f8rre, end den er nu. <br>C.W. Obel Ejendomme er specialiseret i den forstand, at vi prim\u00e6rt g\u00f8r os i nye og nyistandsatte boliger med henblik p\u00e5 at hj\u00e6lpe vores potentielle lejere med at finde netop deres dr\u00f8mmebolig.<br><br><\/p>\n","protected":false},"excerpt":{"rendered":"<p>N\u00e5r du flytter ind hos os, f\u00e5r du altid udleveret et s\u00e6t n\u00f8gler\/n\u00f8glebrikker. Ved bortkomst af n\u00f8gler\/n\u00f8glebrikker eller<span class=\"excerpt-hellip\"> [\u2026]<\/span><\/p>\n","protected":false},"author":7,"featured_media":19818,"parent":46,"menu_order":0,"comment_status":"closed","ping_status":"closed","template":"","meta":{"_acf_changed":false,"footnotes":""},"class_list":["post-365","page","type-page","status-publish","has-post-thumbnail","hentry"],"yoast_head":"<!-- This site is optimized with the Yoast SEO Premium plugin v25.3.1 (Yoast SEO v25.3.1) - https:\/\/yoast.com\/wordpress\/plugins\/seo\/ -->\n<title>Information om n\u00f8gler<\/title>\n<meta name=\"description\" content=\"Information om n\u00f8gler. Du f\u00e5r altid udleveret et s\u00e6t n\u00f8gler\/n\u00f8glebrikker, n\u00e5r du flytter ind i dit nye hjem hos C.W. Obel Ejendomme.\" \/>\n<meta name=\"robots\" content=\"index, follow, max-snippet:-1, max-image-preview:large, max-video-preview:-1\" \/>\n<link rel=\"canonical\" href=\"https:\/\/www.cwobel-ejendomme.dk\/bolig\/vaerd-at-vide-som-lejer\/noegler\/\" \/>\n<meta property=\"og:locale\" content=\"da_DK\" \/>\n<meta property=\"og:type\" content=\"article\" \/>\n<meta property=\"og:title\" content=\"N\u00f8gler\" \/>\n<meta property=\"og:description\" content=\"Information om n\u00f8gler. Du f\u00e5r altid udleveret et s\u00e6t n\u00f8gler\/n\u00f8glebrikker, n\u00e5r du flytter ind i dit nye hjem hos C.W. Obel Ejendomme.\" \/>\n<meta property=\"og:url\" content=\"https:\/\/www.cwobel-ejendomme.dk\/bolig\/vaerd-at-vide-som-lejer\/noegler\/\" \/>\n<meta property=\"og:site_name\" content=\"C.W. Obel Ejendomme\" \/>\n<meta property=\"article:modified_time\" content=\"2024-07-11T09:09:05+00:00\" \/>\n<meta property=\"og:image\" content=\"https:\/\/www.cwobel-ejendomme.dk\/bolig\/wp-content\/uploads\/sites\/2\/2024\/06\/Noegler.jpeg\" \/>\n\t<meta property=\"og:image:width\" content=\"800\" \/>\n\t<meta property=\"og:image:height\" content=\"444\" \/>\n\t<meta property=\"og:image:type\" content=\"image\/jpeg\" \/>\n<meta name=\"twitter:card\" content=\"summary_large_image\" \/>\n<meta name=\"twitter:label1\" content=\"Estimeret l\u00e6setid\" \/>\n\t<meta name=\"twitter:data1\" content=\"2 minutter\" \/>\n<script type=\"application\/ld+json\" class=\"yoast-schema-graph\">{\"@context\":\"https:\/\/schema.org\",\"@graph\":[{\"@type\":\"WebPage\",\"@id\":\"https:\/\/www.cwobel-ejendomme.dk\/bolig\/vaerd-at-vide-som-lejer\/noegler\/\",\"url\":\"https:\/\/www.cwobel-ejendomme.dk\/bolig\/vaerd-at-vide-som-lejer\/noegler\/\",\"name\":\"Information om n\u00f8gler\",\"isPartOf\":{\"@id\":\"https:\/\/www.cwobel-ejendomme.dk\/bolig\/#website\"},\"primaryImageOfPage\":{\"@id\":\"https:\/\/www.cwobel-ejendomme.dk\/bolig\/vaerd-at-vide-som-lejer\/noegler\/#primaryimage\"},\"image\":{\"@id\":\"https:\/\/www.cwobel-ejendomme.dk\/bolig\/vaerd-at-vide-som-lejer\/noegler\/#primaryimage\"},\"thumbnailUrl\":\"https:\/\/www.cwobel-ejendomme.dk\/bolig\/wp-content\/uploads\/sites\/2\/2024\/06\/Noegler.jpeg\",\"datePublished\":\"2022-06-14T13:06:22+00:00\",\"dateModified\":\"2024-07-11T09:09:05+00:00\",\"description\":\"Information om n\u00f8gler. Du f\u00e5r altid udleveret et s\u00e6t n\u00f8gler\/n\u00f8glebrikker, n\u00e5r du flytter ind i dit nye hjem hos C.W. Obel Ejendomme.\",\"breadcrumb\":{\"@id\":\"https:\/\/www.cwobel-ejendomme.dk\/bolig\/vaerd-at-vide-som-lejer\/noegler\/#breadcrumb\"},\"inLanguage\":\"da-DK\",\"potentialAction\":[{\"@type\":\"ReadAction\",\"target\":[\"https:\/\/www.cwobel-ejendomme.dk\/bolig\/vaerd-at-vide-som-lejer\/noegler\/\"]}]},{\"@type\":\"ImageObject\",\"inLanguage\":\"da-DK\",\"@id\":\"https:\/\/www.cwobel-ejendomme.dk\/bolig\/vaerd-at-vide-som-lejer\/noegler\/#primaryimage\",\"url\":\"https:\/\/www.cwobel-ejendomme.dk\/bolig\/wp-content\/uploads\/sites\/2\/2024\/06\/Noegler.jpeg\",\"contentUrl\":\"https:\/\/www.cwobel-ejendomme.dk\/bolig\/wp-content\/uploads\/sites\/2\/2024\/06\/Noegler.jpeg\",\"width\":800,\"height\":444,\"caption\":\"N\u00f8gler\"},{\"@type\":\"BreadcrumbList\",\"@id\":\"https:\/\/www.cwobel-ejendomme.dk\/bolig\/vaerd-at-vide-som-lejer\/noegler\/#breadcrumb\",\"itemListElement\":[{\"@type\":\"ListItem\",\"position\":1,\"name\":\"Hjem\",\"item\":\"https:\/\/www.cwobel-ejendomme.dk\/bolig\/\"},{\"@type\":\"ListItem\",\"position\":2,\"name\":\"V\u00e6rd at vide som lejer\",\"item\":\"https:\/\/www.cwobel-ejendomme.dk\/bolig\/vaerd-at-vide-som-lejer\/\"},{\"@type\":\"ListItem\",\"position\":3,\"name\":\"N\u00f8gler\"}]},{\"@type\":\"WebSite\",\"@id\":\"https:\/\/www.cwobel-ejendomme.dk\/bolig\/#website\",\"url\":\"https:\/\/www.cwobel-ejendomme.dk\/bolig\/\",\"name\":\"C.W. Obel Ejendomme\",\"description\":\"C.W. Obel Ejendomme\",\"potentialAction\":[{\"@type\":\"SearchAction\",\"target\":{\"@type\":\"EntryPoint\",\"urlTemplate\":\"https:\/\/www.cwobel-ejendomme.dk\/bolig\/?s={search_term_string}\"},\"query-input\":{\"@type\":\"PropertyValueSpecification\",\"valueRequired\":true,\"valueName\":\"search_term_string\"}}],\"inLanguage\":\"da-DK\"}]}<\/script>\n<!-- \/ Yoast SEO Premium plugin. -->","yoast_head_json":{"title":"Information om n\u00f8gler","description":"Information om n\u00f8gler. Du f\u00e5r altid udleveret et s\u00e6t n\u00f8gler\/n\u00f8glebrikker, n\u00e5r du flytter ind i dit nye hjem hos C.W. Obel Ejendomme.","robots":{"index":"index","follow":"follow","max-snippet":"max-snippet:-1","max-image-preview":"max-image-preview:large","max-video-preview":"max-video-preview:-1"},"canonical":"https:\/\/www.cwobel-ejendomme.dk\/bolig\/vaerd-at-vide-som-lejer\/noegler\/","og_locale":"da_DK","og_type":"article","og_title":"N\u00f8gler","og_description":"Information om n\u00f8gler. Du f\u00e5r altid udleveret et s\u00e6t n\u00f8gler\/n\u00f8glebrikker, n\u00e5r du flytter ind i dit nye hjem hos C.W. Obel Ejendomme.","og_url":"https:\/\/www.cwobel-ejendomme.dk\/bolig\/vaerd-at-vide-som-lejer\/noegler\/","og_site_name":"C.W. Obel Ejendomme","article_modified_time":"2024-07-11T09:09:05+00:00","og_image":[{"width":800,"height":444,"url":"https:\/\/www.cwobel-ejendomme.dk\/bolig\/wp-content\/uploads\/sites\/2\/2024\/06\/Noegler.jpeg","type":"image\/jpeg"}],"twitter_card":"summary_large_image","twitter_misc":{"Estimeret l\u00e6setid":"2 minutter"},"schema":{"@context":"https:\/\/schema.org","@graph":[{"@type":"WebPage","@id":"https:\/\/www.cwobel-ejendomme.dk\/bolig\/vaerd-at-vide-som-lejer\/noegler\/","url":"https:\/\/www.cwobel-ejendomme.dk\/bolig\/vaerd-at-vide-som-lejer\/noegler\/","name":"Information om n\u00f8gler","isPartOf":{"@id":"https:\/\/www.cwobel-ejendomme.dk\/bolig\/#website"},"primaryImageOfPage":{"@id":"https:\/\/www.cwobel-ejendomme.dk\/bolig\/vaerd-at-vide-som-lejer\/noegler\/#primaryimage"},"image":{"@id":"https:\/\/www.cwobel-ejendomme.dk\/bolig\/vaerd-at-vide-som-lejer\/noegler\/#primaryimage"},"thumbnailUrl":"https:\/\/www.cwobel-ejendomme.dk\/bolig\/wp-content\/uploads\/sites\/2\/2024\/06\/Noegler.jpeg","datePublished":"2022-06-14T13:06:22+00:00","dateModified":"2024-07-11T09:09:05+00:00","description":"Information om n\u00f8gler. Du f\u00e5r altid udleveret et s\u00e6t n\u00f8gler\/n\u00f8glebrikker, n\u00e5r du flytter ind i dit nye hjem hos C.W. Obel Ejendomme.","breadcrumb":{"@id":"https:\/\/www.cwobel-ejendomme.dk\/bolig\/vaerd-at-vide-som-lejer\/noegler\/#breadcrumb"},"inLanguage":"da-DK","potentialAction":[{"@type":"ReadAction","target":["https:\/\/www.cwobel-ejendomme.dk\/bolig\/vaerd-at-vide-som-lejer\/noegler\/"]}]},{"@type":"ImageObject","inLanguage":"da-DK","@id":"https:\/\/www.cwobel-ejendomme.dk\/bolig\/vaerd-at-vide-som-lejer\/noegler\/#primaryimage","url":"https:\/\/www.cwobel-ejendomme.dk\/bolig\/wp-content\/uploads\/sites\/2\/2024\/06\/Noegler.jpeg","contentUrl":"https:\/\/www.cwobel-ejendomme.dk\/bolig\/wp-content\/uploads\/sites\/2\/2024\/06\/Noegler.jpeg","width":800,"height":444,"caption":"N\u00f8gler"},{"@type":"BreadcrumbList","@id":"https:\/\/www.cwobel-ejendomme.dk\/bolig\/vaerd-at-vide-som-lejer\/noegler\/#breadcrumb","itemListElement":[{"@type":"ListItem","position":1,"name":"Hjem","item":"https:\/\/www.cwobel-ejendomme.dk\/bolig\/"},{"@type":"ListItem","position":2,"name":"V\u00e6rd at vide som lejer","item":"https:\/\/www.cwobel-ejendomme.dk\/bolig\/vaerd-at-vide-som-lejer\/"},{"@type":"ListItem","position":3,"name":"N\u00f8gler"}]},{"@type":"WebSite","@id":"https:\/\/www.cwobel-ejendomme.dk\/bolig\/#website","url":"https:\/\/www.cwobel-ejendomme.dk\/bolig\/","name":"C.W. Obel Ejendomme","description":"C.W. Obel Ejendomme","potentialAction":[{"@type":"SearchAction","target":{"@type":"EntryPoint","urlTemplate":"https:\/\/www.cwobel-ejendomme.dk\/bolig\/?s={search_term_string}"},"query-input":{"@type":"PropertyValueSpecification","valueRequired":true,"valueName":"search_term_string"}}],"inLanguage":"da-DK"}]}},"acf":[],"_links":{"self":[{"href":"https:\/\/www.cwobel-ejendomme.dk\/bolig\/wp-json\/wp\/v2\/pages\/365","targetHints":{"allow":["GET"]}}],"collection":[{"href":"https:\/\/www.cwobel-ejendomme.dk\/bolig\/wp-json\/wp\/v2\/pages"}],"about":[{"href":"https:\/\/www.cwobel-ejendomme.dk\/bolig\/wp-json\/wp\/v2\/types\/page"}],"author":[{"embeddable":true,"href":"https:\/\/www.cwobel-ejendomme.dk\/bolig\/wp-json\/wp\/v2\/users\/7"}],"replies":[{"embeddable":true,"href":"https:\/\/www.cwobel-ejendomme.dk\/bolig\/wp-json\/wp\/v2\/comments?post=365"}],"version-history":[{"count":4,"href":"https:\/\/www.cwobel-ejendomme.dk\/bolig\/wp-json\/wp\/v2\/pages\/365\/revisions"}],"predecessor-version":[{"id":19752,"href":"https:\/\/www.cwobel-ejendomme.dk\/bolig\/wp-json\/wp\/v2\/pages\/365\/revisions\/19752"}],"up":[{"embeddable":true,"href":"https:\/\/www.cwobel-ejendomme.dk\/bolig\/wp-json\/wp\/v2\/pages\/46"}],"wp:featuredmedia":[{"embeddable":true,"href":"https:\/\/www.cwobel-ejendomme.dk\/bolig\/wp-json\/wp\/v2\/media\/19818"}],"wp:attachment":[{"href":"https:\/\/www.cwobel-ejendomme.dk\/bolig\/wp-json\/wp\/v2\/media?parent=365"}],"curies":[{"name":"wp","href":"https:\/\/api.w.org\/{rel}","templated":true}]}}