{"id":285,"date":"2022-05-30T11:04:55","date_gmt":"2022-05-30T09:04:55","guid":{"rendered":"https:\/\/www.cwobel-ejendomme.dk\/bolig\/?page_id=285"},"modified":"2025-10-07T14:11:23","modified_gmt":"2025-10-07T12:11:23","slug":"husdyr","status":"publish","type":"page","link":"https:\/\/www.cwobel-ejendomme.dk\/bolig\/vaerd-at-vide-som-lejer\/husdyr\/","title":{"rendered":"Husdyr"},"content":{"rendered":"<h1>Husdyr<\/h1>\n<p><img decoding=\"async\" src=\"https:\/\/www.cwobel-ejendomme.dk\/bolig\/wp-content\/uploads\/sites\/2\/2022\/06\/Husdyr_800x444px.jpg\" alt=\"Husdyr\" \/><br \/>\nHos os ved vi, at k\u00e6ledyr kan skabe gl\u00e6de og tryghed i dit hjem, og derfor \u00f8nsker vi at give plads til dem, hvor det er muligt. I flere af vores ejendomme, har du derfor mulighed for at s\u00f8ge om tilladelse til at have \u00e9n mindre hund eller \u00e9n indekat pr. lejem\u00e5l.Husdyr der kr\u00e6ver ans\u00f8gning<\/p>\n<p>En mindre hund defineres som ca. 10 kg, og vi tager<br \/>\nudgangspunkt i definitionen fra <a href=\"https:\/\/www.dkk.dk\/race#hundeleksikon\" target=\"_blank\" rel=\"noopener\">Dansk Kennel Klubs hundeleksikon<\/a>.<\/p>\n<p>For at s\u00f8ge om tilladelse til at holde \u00e9n mindre hund eller<br \/>\n\u00e9n indekat, skal du udfylde formularen nedenfor eller kontakte os p\u00e5\u00a0<a href=\"mailto:bolig@cwobel.dk\">bolig@cwobel.dk<\/a>\u00a0for at f\u00e5 en ans\u00f8gningsblanket. N\u00e5r vi har modtaget din<br \/>\nans\u00f8gning, behandler vi den og giver dig en skriftlig tilbagemelding.<\/p>\n<p>Husk, at tilladelsen f\u00f8rst er g\u00e6ldende, n\u00e5r du har modtaget<br \/>\nen skriftlig godkendelse fra C.W. Obel Ejendomme.<\/p>\n<p>Tilladelsen gives altid med foruds\u00e6tning om, at husdyret<br \/>\nikke er til gene for andre beboere eller for ejendommen. Hvis foruds\u00e6tningerne<br \/>\nikke overholdes, kan tilladelsen tr\u00e6kkes tilbage.<\/p>\n<p><a href=\"https:\/\/app.penneo.com\/public\/form\/GB22P-OLP4D-7TEYP-0C023-Y0OI0-J2E2T\/AIQXK-QUL7A-OFT3K-XGH7P-ZI5NJ-5XGJ0\" target=\"_blank\" rel=\"noopener\">Ans\u00f8g om Hund her<\/a><\/p>\n<p><a href=\"https:\/\/app.penneo.com\/public\/form\/QUZ05-ZPB7L-ZZIK7-EYJGZ-N1QC7-LE2MP\/YKQD4-ZWMW6-EP518-6AME1-05H3A-XOJWU?group=Ans%C3%B8gning_til_at_holde_kat\" target=\"_blank\" rel=\"noopener\">Ans\u00f8g om Kat her<\/a><\/p>\n<p>Der gives ikke tilladelse til muskelhunde og hunderacer, der er forbudt i Danmark. Se racerne oplistet i\u00a0<a title=\"Hundeloven\" href=\"https:\/\/www.retsinformation.dk\/Forms\/R0710.aspx?id=145381\" target=\"_blank\" rel=\"noopener\">hundeloven<\/a>.Husdyr der kr\u00e6ver ans\u00f8gning<\/p>\n<p>Nogle k\u00e6ledyr kan du have uden at s\u00f8ge om tilladelse. Det<br \/>\ng\u00e6lder f.eks.:<\/p>\n<p>Mindre<br \/>\nfugle<br \/>\nMarsvin<br \/>\nKaniner<br \/>\nSm\u00e5<br \/>\nakvariefisk<br \/>\nHamstere<\/p>\n<p>Det er dog en foruds\u00e6tning, at k\u00e6ledyrene holdes i bur inde<br \/>\ni dit lejem\u00e5l. Bure m\u00e5 ikke opstilles p\u00e5 terrasser eller altaner, da de kan medf\u00f8re<br \/>\nlugt- eller st\u00f8jgener.Husdyr der kr\u00e6ver ans\u00f8gning<\/p>\n<p>Der gives ikke tilladelse til:<\/p>\n<p>To<br \/>\nhusdyr i samme lejem\u00e5l<br \/>\nKrybdyr<br \/>\neller lignende dyr<br \/>\nHunde,<br \/>\nder er forbudt i Danmark<\/p>\n<p>P\u00e5 vores ejendomme <a href=\"https:\/\/www.cwobel-ejendomme.dk\/bolig\/ledige-lejemaal\/aalborg\/obelhus\/\" target=\"_blank\" rel=\"noopener\">ObelHus <\/a>og <a href=\"https:\/\/www.cwobel-ejendomme.dk\/bolig\/ledige-lejemaal\/storkoebenhavn\/nordvest\" target=\"_blank\" rel=\"noopener\">Toppen <\/a>er der desv\u00e6rre ikke<br \/>\nmulighed for at f\u00e5 tilladelse til husdyr.<\/p>\n<p><a title=\"\" href=\"\/bolig\/vaerd-at-vide-som-lejer\/\">Tilbage til oversigt<\/a><\/p>\n","protected":false},"excerpt":{"rendered":"<p>Husdyr Hos os ved vi, at k\u00e6ledyr kan skabe gl\u00e6de og tryghed i dit hjem, og derfor \u00f8nsker<span class=\"excerpt-hellip\"> [\u2026]<\/span><\/p>\n","protected":false},"author":1,"featured_media":19813,"parent":46,"menu_order":0,"comment_status":"closed","ping_status":"closed","template":"","meta":{"_acf_changed":false,"footnotes":""},"class_list":["post-285","page","type-page","status-publish","has-post-thumbnail","hentry"],"yoast_head":"<!-- This site is optimized with the Yoast SEO Premium plugin v25.3.1 (Yoast SEO v25.3.1) - https:\/\/yoast.com\/wordpress\/plugins\/seo\/ -->\n<title>Regler om husdyr<\/title>\n<meta name=\"description\" content=\"Regler om husdyr. Det er som udgangspunkt ikke tilladt at holde husdyr i vores ejendomme. Der kan s\u00f8ges dispensation.\" \/>\n<meta name=\"robots\" content=\"index, follow, max-snippet:-1, max-image-preview:large, max-video-preview:-1\" \/>\n<link rel=\"canonical\" href=\"https:\/\/www.cwobel-ejendomme.dk\/bolig\/vaerd-at-vide-som-lejer\/husdyr\/\" \/>\n<meta property=\"og:locale\" content=\"da_DK\" \/>\n<meta property=\"og:type\" content=\"article\" \/>\n<meta property=\"og:title\" content=\"Husdyr\" \/>\n<meta property=\"og:description\" content=\"Regler om husdyr. Det er som udgangspunkt ikke tilladt at holde husdyr i vores ejendomme. Der kan s\u00f8ges dispensation.\" \/>\n<meta property=\"og:url\" content=\"https:\/\/www.cwobel-ejendomme.dk\/bolig\/vaerd-at-vide-som-lejer\/husdyr\/\" \/>\n<meta property=\"og:site_name\" content=\"C.W. Obel Ejendomme\" \/>\n<meta property=\"article:modified_time\" content=\"2025-10-07T12:11:23+00:00\" \/>\n<meta property=\"og:image\" content=\"https:\/\/www.cwobel-ejendomme.dk\/bolig\/wp-content\/uploads\/sites\/2\/2024\/06\/Husdyr.jpeg\" \/>\n\t<meta property=\"og:image:width\" content=\"800\" \/>\n\t<meta property=\"og:image:height\" content=\"444\" \/>\n\t<meta property=\"og:image:type\" content=\"image\/jpeg\" \/>\n<meta name=\"twitter:card\" content=\"summary_large_image\" \/>\n<meta name=\"twitter:label1\" content=\"Estimeret l\u00e6setid\" \/>\n\t<meta name=\"twitter:data1\" content=\"2 minutter\" \/>\n<script type=\"application\/ld+json\" class=\"yoast-schema-graph\">{\"@context\":\"https:\/\/schema.org\",\"@graph\":[{\"@type\":\"WebPage\",\"@id\":\"https:\/\/www.cwobel-ejendomme.dk\/bolig\/vaerd-at-vide-som-lejer\/husdyr\/\",\"url\":\"https:\/\/www.cwobel-ejendomme.dk\/bolig\/vaerd-at-vide-som-lejer\/husdyr\/\",\"name\":\"Regler om husdyr\",\"isPartOf\":{\"@id\":\"https:\/\/www.cwobel-ejendomme.dk\/bolig\/#website\"},\"primaryImageOfPage\":{\"@id\":\"https:\/\/www.cwobel-ejendomme.dk\/bolig\/vaerd-at-vide-som-lejer\/husdyr\/#primaryimage\"},\"image\":{\"@id\":\"https:\/\/www.cwobel-ejendomme.dk\/bolig\/vaerd-at-vide-som-lejer\/husdyr\/#primaryimage\"},\"thumbnailUrl\":\"https:\/\/www.cwobel-ejendomme.dk\/bolig\/wp-content\/uploads\/sites\/2\/2024\/06\/Husdyr.jpeg\",\"datePublished\":\"2022-05-30T09:04:55+00:00\",\"dateModified\":\"2025-10-07T12:11:23+00:00\",\"description\":\"Regler om husdyr. Det er som udgangspunkt ikke tilladt at holde husdyr i vores ejendomme. Der kan s\u00f8ges dispensation.\",\"breadcrumb\":{\"@id\":\"https:\/\/www.cwobel-ejendomme.dk\/bolig\/vaerd-at-vide-som-lejer\/husdyr\/#breadcrumb\"},\"inLanguage\":\"da-DK\",\"potentialAction\":[{\"@type\":\"ReadAction\",\"target\":[\"https:\/\/www.cwobel-ejendomme.dk\/bolig\/vaerd-at-vide-som-lejer\/husdyr\/\"]}]},{\"@type\":\"ImageObject\",\"inLanguage\":\"da-DK\",\"@id\":\"https:\/\/www.cwobel-ejendomme.dk\/bolig\/vaerd-at-vide-som-lejer\/husdyr\/#primaryimage\",\"url\":\"https:\/\/www.cwobel-ejendomme.dk\/bolig\/wp-content\/uploads\/sites\/2\/2024\/06\/Husdyr.jpeg\",\"contentUrl\":\"https:\/\/www.cwobel-ejendomme.dk\/bolig\/wp-content\/uploads\/sites\/2\/2024\/06\/Husdyr.jpeg\",\"width\":800,\"height\":444,\"caption\":\"Husdyr\"},{\"@type\":\"BreadcrumbList\",\"@id\":\"https:\/\/www.cwobel-ejendomme.dk\/bolig\/vaerd-at-vide-som-lejer\/husdyr\/#breadcrumb\",\"itemListElement\":[{\"@type\":\"ListItem\",\"position\":1,\"name\":\"Hjem\",\"item\":\"https:\/\/www.cwobel-ejendomme.dk\/bolig\/\"},{\"@type\":\"ListItem\",\"position\":2,\"name\":\"V\u00e6rd at vide som lejer\",\"item\":\"https:\/\/www.cwobel-ejendomme.dk\/bolig\/vaerd-at-vide-som-lejer\/\"},{\"@type\":\"ListItem\",\"position\":3,\"name\":\"Husdyr\"}]},{\"@type\":\"WebSite\",\"@id\":\"https:\/\/www.cwobel-ejendomme.dk\/bolig\/#website\",\"url\":\"https:\/\/www.cwobel-ejendomme.dk\/bolig\/\",\"name\":\"C.W. Obel Ejendomme\",\"description\":\"C.W. Obel Ejendomme\",\"potentialAction\":[{\"@type\":\"SearchAction\",\"target\":{\"@type\":\"EntryPoint\",\"urlTemplate\":\"https:\/\/www.cwobel-ejendomme.dk\/bolig\/?s={search_term_string}\"},\"query-input\":{\"@type\":\"PropertyValueSpecification\",\"valueRequired\":true,\"valueName\":\"search_term_string\"}}],\"inLanguage\":\"da-DK\"}]}<\/script>\n<!-- \/ Yoast SEO Premium plugin. -->","yoast_head_json":{"title":"Regler om husdyr","description":"Regler om husdyr. Det er som udgangspunkt ikke tilladt at holde husdyr i vores ejendomme. Der kan s\u00f8ges dispensation.","robots":{"index":"index","follow":"follow","max-snippet":"max-snippet:-1","max-image-preview":"max-image-preview:large","max-video-preview":"max-video-preview:-1"},"canonical":"https:\/\/www.cwobel-ejendomme.dk\/bolig\/vaerd-at-vide-som-lejer\/husdyr\/","og_locale":"da_DK","og_type":"article","og_title":"Husdyr","og_description":"Regler om husdyr. Det er som udgangspunkt ikke tilladt at holde husdyr i vores ejendomme. Der kan s\u00f8ges dispensation.","og_url":"https:\/\/www.cwobel-ejendomme.dk\/bolig\/vaerd-at-vide-som-lejer\/husdyr\/","og_site_name":"C.W. Obel Ejendomme","article_modified_time":"2025-10-07T12:11:23+00:00","og_image":[{"width":800,"height":444,"url":"https:\/\/www.cwobel-ejendomme.dk\/bolig\/wp-content\/uploads\/sites\/2\/2024\/06\/Husdyr.jpeg","type":"image\/jpeg"}],"twitter_card":"summary_large_image","twitter_misc":{"Estimeret l\u00e6setid":"2 minutter"},"schema":{"@context":"https:\/\/schema.org","@graph":[{"@type":"WebPage","@id":"https:\/\/www.cwobel-ejendomme.dk\/bolig\/vaerd-at-vide-som-lejer\/husdyr\/","url":"https:\/\/www.cwobel-ejendomme.dk\/bolig\/vaerd-at-vide-som-lejer\/husdyr\/","name":"Regler om husdyr","isPartOf":{"@id":"https:\/\/www.cwobel-ejendomme.dk\/bolig\/#website"},"primaryImageOfPage":{"@id":"https:\/\/www.cwobel-ejendomme.dk\/bolig\/vaerd-at-vide-som-lejer\/husdyr\/#primaryimage"},"image":{"@id":"https:\/\/www.cwobel-ejendomme.dk\/bolig\/vaerd-at-vide-som-lejer\/husdyr\/#primaryimage"},"thumbnailUrl":"https:\/\/www.cwobel-ejendomme.dk\/bolig\/wp-content\/uploads\/sites\/2\/2024\/06\/Husdyr.jpeg","datePublished":"2022-05-30T09:04:55+00:00","dateModified":"2025-10-07T12:11:23+00:00","description":"Regler om husdyr. Det er som udgangspunkt ikke tilladt at holde husdyr i vores ejendomme. Der kan s\u00f8ges dispensation.","breadcrumb":{"@id":"https:\/\/www.cwobel-ejendomme.dk\/bolig\/vaerd-at-vide-som-lejer\/husdyr\/#breadcrumb"},"inLanguage":"da-DK","potentialAction":[{"@type":"ReadAction","target":["https:\/\/www.cwobel-ejendomme.dk\/bolig\/vaerd-at-vide-som-lejer\/husdyr\/"]}]},{"@type":"ImageObject","inLanguage":"da-DK","@id":"https:\/\/www.cwobel-ejendomme.dk\/bolig\/vaerd-at-vide-som-lejer\/husdyr\/#primaryimage","url":"https:\/\/www.cwobel-ejendomme.dk\/bolig\/wp-content\/uploads\/sites\/2\/2024\/06\/Husdyr.jpeg","contentUrl":"https:\/\/www.cwobel-ejendomme.dk\/bolig\/wp-content\/uploads\/sites\/2\/2024\/06\/Husdyr.jpeg","width":800,"height":444,"caption":"Husdyr"},{"@type":"BreadcrumbList","@id":"https:\/\/www.cwobel-ejendomme.dk\/bolig\/vaerd-at-vide-som-lejer\/husdyr\/#breadcrumb","itemListElement":[{"@type":"ListItem","position":1,"name":"Hjem","item":"https:\/\/www.cwobel-ejendomme.dk\/bolig\/"},{"@type":"ListItem","position":2,"name":"V\u00e6rd at vide som lejer","item":"https:\/\/www.cwobel-ejendomme.dk\/bolig\/vaerd-at-vide-som-lejer\/"},{"@type":"ListItem","position":3,"name":"Husdyr"}]},{"@type":"WebSite","@id":"https:\/\/www.cwobel-ejendomme.dk\/bolig\/#website","url":"https:\/\/www.cwobel-ejendomme.dk\/bolig\/","name":"C.W. Obel Ejendomme","description":"C.W. Obel Ejendomme","potentialAction":[{"@type":"SearchAction","target":{"@type":"EntryPoint","urlTemplate":"https:\/\/www.cwobel-ejendomme.dk\/bolig\/?s={search_term_string}"},"query-input":{"@type":"PropertyValueSpecification","valueRequired":true,"valueName":"search_term_string"}}],"inLanguage":"da-DK"}]}},"acf":[],"_links":{"self":[{"href":"https:\/\/www.cwobel-ejendomme.dk\/bolig\/wp-json\/wp\/v2\/pages\/285","targetHints":{"allow":["GET"]}}],"collection":[{"href":"https:\/\/www.cwobel-ejendomme.dk\/bolig\/wp-json\/wp\/v2\/pages"}],"about":[{"href":"https:\/\/www.cwobel-ejendomme.dk\/bolig\/wp-json\/wp\/v2\/types\/page"}],"author":[{"embeddable":true,"href":"https:\/\/www.cwobel-ejendomme.dk\/bolig\/wp-json\/wp\/v2\/users\/1"}],"replies":[{"embeddable":true,"href":"https:\/\/www.cwobel-ejendomme.dk\/bolig\/wp-json\/wp\/v2\/comments?post=285"}],"version-history":[{"count":7,"href":"https:\/\/www.cwobel-ejendomme.dk\/bolig\/wp-json\/wp\/v2\/pages\/285\/revisions"}],"predecessor-version":[{"id":23777,"href":"https:\/\/www.cwobel-ejendomme.dk\/bolig\/wp-json\/wp\/v2\/pages\/285\/revisions\/23777"}],"up":[{"embeddable":true,"href":"https:\/\/www.cwobel-ejendomme.dk\/bolig\/wp-json\/wp\/v2\/pages\/46"}],"wp:featuredmedia":[{"embeddable":true,"href":"https:\/\/www.cwobel-ejendomme.dk\/bolig\/wp-json\/wp\/v2\/media\/19813"}],"wp:attachment":[{"href":"https:\/\/www.cwobel-ejendomme.dk\/bolig\/wp-json\/wp\/v2\/media?parent=285"}],"curies":[{"name":"wp","href":"https:\/\/api.w.org\/{rel}","templated":true}]}}