{"id":281,"date":"2022-05-30T10:59:07","date_gmt":"2022-05-30T08:59:07","guid":{"rendered":"https:\/\/www.cwobel-ejendomme.dk\/bolig\/?page_id=281"},"modified":"2024-07-11T14:11:44","modified_gmt":"2024-07-11T12:11:44","slug":"indflytning","status":"publish","type":"page","link":"https:\/\/www.cwobel-ejendomme.dk\/bolig\/vaerd-at-vide-som-lejer\/indflytning\/","title":{"rendered":"Indflytning"},"content":{"rendered":"\n<p><br><br><br><img decoding=\"async\" src=\"https:\/\/www.cwobel-ejendomme.dk\/bolig\/wp-content\/uploads\/sites\/2\/2022\/06\/Indflytning_800x444px.jpg\" alt=\"Indflytning_800x444px\"><br><br><h3>N\u00e5r du skal flytte ind i det nye hjem<\/h3> <br>Forud for overdragelsesm\u00f8det p\u00e5 ejendommen <br> <br>Du har underskrevet en lejekontrakt og returneret den til os. <br>Du har indbetalt depositum og forudbetalt husleje. <br>Vi har bekr\u00e6ftet modtagelsen af ovenn\u00e6vnte og oplyst dig tidspunkt for m\u00f8de med vores vicev\u00e6rt med henblik p\u00e5 n\u00f8gleoverdragelsen og indflytningssyn. <br> <br>\u00a0 <br><h4>Overtagelsesdagen<\/h4> <br>Forinden overdragelsen af lejem\u00e5let til dig har vi gennemg\u00e5et lejem\u00e5let med henblik p\u00e5 at sikre, at du overtager et nyistandsat lejem\u00e5l uden fejl og mangler. <br>I forbindelse med <a href=\"\/bolig\/vaerd-at-vide-som-lejer\/noegler\/\">n\u00f8gleoverdragelsen<\/a> vil du blive indkaldt til et indflytningssyn. Her vil lejem\u00e5let blive gennemg\u00e5et p\u00e5 ny denne gang med dig og ejendommens vicev\u00e6rt. Baseret p\u00e5 gennemgangen vil der blive udarbejdet en indflytningsrapport, som beskriver de besigtigede forhold. Vicev\u00e6rten vil tage fotos af lejligheden, ligesom du naturligvis er meget velkommen til at g\u00f8re det samme. Billederne bruges som dokumentation i forbindelse med fraflytningssyn. Efter endt gennemgang vil indflytningsrapporten blive signeret af begge parter og sendt elektronisk til dig. <br>Du skal p\u00e5regne en times tid til gennemgangen. <br>Derudover vil vicev\u00e6rten naturligvis v\u00e6re dig behj\u00e6lpelig og forklare dig om ejendommens <a href=\"\/bolig\/vaerd-at-vide-som-lejer\/faellesfaciliteter\/\">f\u00e6llesfaciliteter<\/a> \u2013 s\u00e5 som eventuelle beboerlokaler, k\u00e6lderrum, cykelparkering mv. <br>\u00a0 <br><h4>Senest 14 dage efter indflytning<\/h4> <br>I de f\u00f8rste 14 dage efter indflytningen har du mulighed for at indrapportere fejl og mangler, som du mener der er ved lejem\u00e5let, og som du ikke var opm\u00e6rksomme p\u00e5 ved gennemgangen. <br>Fejl og mangler skal registreres p\u00e5 en fejl- og mangelliste &#8211; du vil f\u00e5 udleveret et link p\u00e5 indflytningsdagen. N\u00e5r vi har modtaget eventuel mangelliste, vil vi behandle den og sende dig en skriftlig tilbagemelding p\u00e5 henvendelsen sammen med en plan for udbedring. <br>\u00a0 <br><h4>Tilmelding<\/h4> <br>Du tilmeldes automatisk til elforsyningen ved indflytningssynet. Derefter st\u00e5r det dig frit for at v\u00e6lge en anden el udbyder. <br>Husk du selv skal tilmelde indboforsikring, internet og tv m.v.<br><br><a href=\"https:\/\/app.penneo.com\/public\/form\/QBI2I-TANJE-A5VAT-AQ38T-7GTL4-18HM2\/A5UZQ-KISMP-G03S5-B3JTM-188XT-6N6Y1?group=Oplysninger_inden_indflytning\" target=\"_blank\" rel=\"noopener\">Hvad skal der st\u00e5 p\u00e5 dit\/jeres nye navneskilt<\/a><br><br>Tilbage til oversigt<br><a href=\"\/bolig\/vaerd-at-vide-som-lejer\/\">\/bolig\/vaerd-at-vide-som-lejer\/<\/a><br><br><\/p>\n","protected":false},"excerpt":{"rendered":"<p>N\u00e5r du skal flytte ind i det nye hjem Forud for overdragelsesm\u00f8det p\u00e5 ejendommen Du har underskrevet en<span class=\"excerpt-hellip\"> [\u2026]<\/span><\/p>\n","protected":false},"author":1,"featured_media":19817,"parent":46,"menu_order":0,"comment_status":"closed","ping_status":"closed","template":"","meta":{"_acf_changed":false,"footnotes":""},"class_list":["post-281","page","type-page","status-publish","has-post-thumbnail","hentry"],"yoast_head":"<!-- This site is optimized with the Yoast SEO Premium plugin v25.3.1 (Yoast SEO v25.3.1) - https:\/\/yoast.com\/wordpress\/plugins\/seo\/ -->\n<title>Info om indflytning<\/title>\n<meta name=\"description\" content=\"Info om indflytning. L\u00e6s om vigtig information, du skal v\u00e6re opm\u00e6rksom p\u00e5, n\u00e5r du skal flytte ind i det nye hjem hos C.W. Obel Ejendomme.\" \/>\n<meta name=\"robots\" content=\"index, follow, max-snippet:-1, max-image-preview:large, max-video-preview:-1\" \/>\n<link rel=\"canonical\" href=\"https:\/\/www.cwobel-ejendomme.dk\/bolig\/vaerd-at-vide-som-lejer\/indflytning\/\" \/>\n<meta property=\"og:locale\" content=\"da_DK\" \/>\n<meta property=\"og:type\" content=\"article\" \/>\n<meta property=\"og:title\" content=\"Indflytning\" \/>\n<meta property=\"og:description\" content=\"Info om indflytning. L\u00e6s om vigtig information, du skal v\u00e6re opm\u00e6rksom p\u00e5, n\u00e5r du skal flytte ind i det nye hjem hos C.W. Obel Ejendomme.\" \/>\n<meta property=\"og:url\" content=\"https:\/\/www.cwobel-ejendomme.dk\/bolig\/vaerd-at-vide-som-lejer\/indflytning\/\" \/>\n<meta property=\"og:site_name\" content=\"C.W. Obel Ejendomme\" \/>\n<meta property=\"article:modified_time\" content=\"2024-07-11T12:11:44+00:00\" \/>\n<meta property=\"og:image\" content=\"https:\/\/www.cwobel-ejendomme.dk\/bolig\/wp-content\/uploads\/sites\/2\/2024\/06\/Indflytning-1.jpeg\" \/>\n\t<meta property=\"og:image:width\" content=\"800\" \/>\n\t<meta property=\"og:image:height\" content=\"444\" \/>\n\t<meta property=\"og:image:type\" content=\"image\/jpeg\" \/>\n<meta name=\"twitter:card\" content=\"summary_large_image\" \/>\n<meta name=\"twitter:label1\" content=\"Estimeret l\u00e6setid\" \/>\n\t<meta name=\"twitter:data1\" content=\"3 minutter\" \/>\n<script type=\"application\/ld+json\" class=\"yoast-schema-graph\">{\"@context\":\"https:\/\/schema.org\",\"@graph\":[{\"@type\":\"WebPage\",\"@id\":\"https:\/\/www.cwobel-ejendomme.dk\/bolig\/vaerd-at-vide-som-lejer\/indflytning\/\",\"url\":\"https:\/\/www.cwobel-ejendomme.dk\/bolig\/vaerd-at-vide-som-lejer\/indflytning\/\",\"name\":\"Info om indflytning\",\"isPartOf\":{\"@id\":\"https:\/\/www.cwobel-ejendomme.dk\/bolig\/#website\"},\"primaryImageOfPage\":{\"@id\":\"https:\/\/www.cwobel-ejendomme.dk\/bolig\/vaerd-at-vide-som-lejer\/indflytning\/#primaryimage\"},\"image\":{\"@id\":\"https:\/\/www.cwobel-ejendomme.dk\/bolig\/vaerd-at-vide-som-lejer\/indflytning\/#primaryimage\"},\"thumbnailUrl\":\"https:\/\/www.cwobel-ejendomme.dk\/bolig\/wp-content\/uploads\/sites\/2\/2024\/06\/Indflytning-1.jpeg\",\"datePublished\":\"2022-05-30T08:59:07+00:00\",\"dateModified\":\"2024-07-11T12:11:44+00:00\",\"description\":\"Info om indflytning. L\u00e6s om vigtig information, du skal v\u00e6re opm\u00e6rksom p\u00e5, n\u00e5r du skal flytte ind i det nye hjem hos C.W. Obel Ejendomme.\",\"breadcrumb\":{\"@id\":\"https:\/\/www.cwobel-ejendomme.dk\/bolig\/vaerd-at-vide-som-lejer\/indflytning\/#breadcrumb\"},\"inLanguage\":\"da-DK\",\"potentialAction\":[{\"@type\":\"ReadAction\",\"target\":[\"https:\/\/www.cwobel-ejendomme.dk\/bolig\/vaerd-at-vide-som-lejer\/indflytning\/\"]}]},{\"@type\":\"ImageObject\",\"inLanguage\":\"da-DK\",\"@id\":\"https:\/\/www.cwobel-ejendomme.dk\/bolig\/vaerd-at-vide-som-lejer\/indflytning\/#primaryimage\",\"url\":\"https:\/\/www.cwobel-ejendomme.dk\/bolig\/wp-content\/uploads\/sites\/2\/2024\/06\/Indflytning-1.jpeg\",\"contentUrl\":\"https:\/\/www.cwobel-ejendomme.dk\/bolig\/wp-content\/uploads\/sites\/2\/2024\/06\/Indflytning-1.jpeg\",\"width\":800,\"height\":444,\"caption\":\"Indflytning\"},{\"@type\":\"BreadcrumbList\",\"@id\":\"https:\/\/www.cwobel-ejendomme.dk\/bolig\/vaerd-at-vide-som-lejer\/indflytning\/#breadcrumb\",\"itemListElement\":[{\"@type\":\"ListItem\",\"position\":1,\"name\":\"Hjem\",\"item\":\"https:\/\/www.cwobel-ejendomme.dk\/bolig\/\"},{\"@type\":\"ListItem\",\"position\":2,\"name\":\"V\u00e6rd at vide som lejer\",\"item\":\"https:\/\/www.cwobel-ejendomme.dk\/bolig\/vaerd-at-vide-som-lejer\/\"},{\"@type\":\"ListItem\",\"position\":3,\"name\":\"Indflytning\"}]},{\"@type\":\"WebSite\",\"@id\":\"https:\/\/www.cwobel-ejendomme.dk\/bolig\/#website\",\"url\":\"https:\/\/www.cwobel-ejendomme.dk\/bolig\/\",\"name\":\"C.W. Obel Ejendomme\",\"description\":\"C.W. Obel Ejendomme\",\"potentialAction\":[{\"@type\":\"SearchAction\",\"target\":{\"@type\":\"EntryPoint\",\"urlTemplate\":\"https:\/\/www.cwobel-ejendomme.dk\/bolig\/?s={search_term_string}\"},\"query-input\":{\"@type\":\"PropertyValueSpecification\",\"valueRequired\":true,\"valueName\":\"search_term_string\"}}],\"inLanguage\":\"da-DK\"}]}<\/script>\n<!-- \/ Yoast SEO Premium plugin. -->","yoast_head_json":{"title":"Info om indflytning","description":"Info om indflytning. L\u00e6s om vigtig information, du skal v\u00e6re opm\u00e6rksom p\u00e5, n\u00e5r du skal flytte ind i det nye hjem hos C.W. Obel Ejendomme.","robots":{"index":"index","follow":"follow","max-snippet":"max-snippet:-1","max-image-preview":"max-image-preview:large","max-video-preview":"max-video-preview:-1"},"canonical":"https:\/\/www.cwobel-ejendomme.dk\/bolig\/vaerd-at-vide-som-lejer\/indflytning\/","og_locale":"da_DK","og_type":"article","og_title":"Indflytning","og_description":"Info om indflytning. L\u00e6s om vigtig information, du skal v\u00e6re opm\u00e6rksom p\u00e5, n\u00e5r du skal flytte ind i det nye hjem hos C.W. Obel Ejendomme.","og_url":"https:\/\/www.cwobel-ejendomme.dk\/bolig\/vaerd-at-vide-som-lejer\/indflytning\/","og_site_name":"C.W. Obel Ejendomme","article_modified_time":"2024-07-11T12:11:44+00:00","og_image":[{"width":800,"height":444,"url":"https:\/\/www.cwobel-ejendomme.dk\/bolig\/wp-content\/uploads\/sites\/2\/2024\/06\/Indflytning-1.jpeg","type":"image\/jpeg"}],"twitter_card":"summary_large_image","twitter_misc":{"Estimeret l\u00e6setid":"3 minutter"},"schema":{"@context":"https:\/\/schema.org","@graph":[{"@type":"WebPage","@id":"https:\/\/www.cwobel-ejendomme.dk\/bolig\/vaerd-at-vide-som-lejer\/indflytning\/","url":"https:\/\/www.cwobel-ejendomme.dk\/bolig\/vaerd-at-vide-som-lejer\/indflytning\/","name":"Info om indflytning","isPartOf":{"@id":"https:\/\/www.cwobel-ejendomme.dk\/bolig\/#website"},"primaryImageOfPage":{"@id":"https:\/\/www.cwobel-ejendomme.dk\/bolig\/vaerd-at-vide-som-lejer\/indflytning\/#primaryimage"},"image":{"@id":"https:\/\/www.cwobel-ejendomme.dk\/bolig\/vaerd-at-vide-som-lejer\/indflytning\/#primaryimage"},"thumbnailUrl":"https:\/\/www.cwobel-ejendomme.dk\/bolig\/wp-content\/uploads\/sites\/2\/2024\/06\/Indflytning-1.jpeg","datePublished":"2022-05-30T08:59:07+00:00","dateModified":"2024-07-11T12:11:44+00:00","description":"Info om indflytning. L\u00e6s om vigtig information, du skal v\u00e6re opm\u00e6rksom p\u00e5, n\u00e5r du skal flytte ind i det nye hjem hos C.W. Obel Ejendomme.","breadcrumb":{"@id":"https:\/\/www.cwobel-ejendomme.dk\/bolig\/vaerd-at-vide-som-lejer\/indflytning\/#breadcrumb"},"inLanguage":"da-DK","potentialAction":[{"@type":"ReadAction","target":["https:\/\/www.cwobel-ejendomme.dk\/bolig\/vaerd-at-vide-som-lejer\/indflytning\/"]}]},{"@type":"ImageObject","inLanguage":"da-DK","@id":"https:\/\/www.cwobel-ejendomme.dk\/bolig\/vaerd-at-vide-som-lejer\/indflytning\/#primaryimage","url":"https:\/\/www.cwobel-ejendomme.dk\/bolig\/wp-content\/uploads\/sites\/2\/2024\/06\/Indflytning-1.jpeg","contentUrl":"https:\/\/www.cwobel-ejendomme.dk\/bolig\/wp-content\/uploads\/sites\/2\/2024\/06\/Indflytning-1.jpeg","width":800,"height":444,"caption":"Indflytning"},{"@type":"BreadcrumbList","@id":"https:\/\/www.cwobel-ejendomme.dk\/bolig\/vaerd-at-vide-som-lejer\/indflytning\/#breadcrumb","itemListElement":[{"@type":"ListItem","position":1,"name":"Hjem","item":"https:\/\/www.cwobel-ejendomme.dk\/bolig\/"},{"@type":"ListItem","position":2,"name":"V\u00e6rd at vide som lejer","item":"https:\/\/www.cwobel-ejendomme.dk\/bolig\/vaerd-at-vide-som-lejer\/"},{"@type":"ListItem","position":3,"name":"Indflytning"}]},{"@type":"WebSite","@id":"https:\/\/www.cwobel-ejendomme.dk\/bolig\/#website","url":"https:\/\/www.cwobel-ejendomme.dk\/bolig\/","name":"C.W. Obel Ejendomme","description":"C.W. Obel Ejendomme","potentialAction":[{"@type":"SearchAction","target":{"@type":"EntryPoint","urlTemplate":"https:\/\/www.cwobel-ejendomme.dk\/bolig\/?s={search_term_string}"},"query-input":{"@type":"PropertyValueSpecification","valueRequired":true,"valueName":"search_term_string"}}],"inLanguage":"da-DK"}]}},"acf":[],"_links":{"self":[{"href":"https:\/\/www.cwobel-ejendomme.dk\/bolig\/wp-json\/wp\/v2\/pages\/281","targetHints":{"allow":["GET"]}}],"collection":[{"href":"https:\/\/www.cwobel-ejendomme.dk\/bolig\/wp-json\/wp\/v2\/pages"}],"about":[{"href":"https:\/\/www.cwobel-ejendomme.dk\/bolig\/wp-json\/wp\/v2\/types\/page"}],"author":[{"embeddable":true,"href":"https:\/\/www.cwobel-ejendomme.dk\/bolig\/wp-json\/wp\/v2\/users\/1"}],"replies":[{"embeddable":true,"href":"https:\/\/www.cwobel-ejendomme.dk\/bolig\/wp-json\/wp\/v2\/comments?post=281"}],"version-history":[{"count":3,"href":"https:\/\/www.cwobel-ejendomme.dk\/bolig\/wp-json\/wp\/v2\/pages\/281\/revisions"}],"predecessor-version":[{"id":19726,"href":"https:\/\/www.cwobel-ejendomme.dk\/bolig\/wp-json\/wp\/v2\/pages\/281\/revisions\/19726"}],"up":[{"embeddable":true,"href":"https:\/\/www.cwobel-ejendomme.dk\/bolig\/wp-json\/wp\/v2\/pages\/46"}],"wp:featuredmedia":[{"embeddable":true,"href":"https:\/\/www.cwobel-ejendomme.dk\/bolig\/wp-json\/wp\/v2\/media\/19817"}],"wp:attachment":[{"href":"https:\/\/www.cwobel-ejendomme.dk\/bolig\/wp-json\/wp\/v2\/media?parent=281"}],"curies":[{"name":"wp","href":"https:\/\/api.w.org\/{rel}","templated":true}]}}