{"id":25791,"date":"2025-11-27T11:14:58","date_gmt":"2025-11-27T10:14:58","guid":{"rendered":"https:\/\/www.cwobel-ejendomme.dk\/bolig\/?page_id=25791"},"modified":"2025-12-04T12:29:18","modified_gmt":"2025-12-04T11:29:18","slug":"vaeksthusene-i-kirkebjerg-parken","status":"publish","type":"page","link":"https:\/\/www.cwobel-ejendomme.dk\/bolig\/vaeksthusene-i-kirkebjerg-parken\/","title":{"rendered":"V\u00e6ksthusene i Kirkebjerg Parken"},"content":{"rendered":"<h1>V\u00e6ksthusene i Kirkebjerg Parken<\/h1>\n<p>I <a href=\"https:\/\/www.cwobel-ejendomme.dk\/bolig\/kirkebjerg-parken\/\">Kirkebjerg Parken<\/a> har vi v\u00e6ksthuse, som er t\u00e6nkt som sm\u00e5 gr\u00f8nne samlingspunkter. Her kan du for eksempel dyrke planter, m\u00f8des med dine naboer eller holde et mindre arrangement i rolige omgivelser. V\u00e6ksthusene skal v\u00e6re rare at opholde sig i for alle, og derfor er det vigtigt, at man tager hensyn til hinanden og efterlader stedet p\u00e6nt og ryddeligt. P\u00e5 den m\u00e5de kan alle f\u00e5 gl\u00e6de af dem.\u00a0<\/p>\n<p>Hvis du har sp\u00f8rgsm\u00e5l, kan du kontakte boligadministrationen hos C.W. Obel Ejendomme p\u00e5 <a href=\"mailto:bolig@cwobel.dk\">bolig@cwobel.dk<\/a> eller <a href=\"tel:33 33 92 92\">33 33 92 92<\/a>.<\/p>\n<p><a href=\"https:\/\/www.cwobel-ejendomme.dk\/bolig\/wp-content\/uploads\/sites\/2\/2025\/11\/Vaeksthuse-Kirkebjerg-parken-01.jpg\"><img decoding=\"async\" src=\"https:\/\/www.cwobel-ejendomme.dk\/bolig\/wp-content\/uploads\/sites\/2\/2025\/11\/Vaeksthuse-Kirkebjerg-parken-01.jpg\" alt=\"V\u00e6ksthuse i Kirkebjerg Parken\" \/><\/a><\/p>\n<p><a href=\"https:\/\/www.cwobel-ejendomme.dk\/bolig\/wp-content\/uploads\/sites\/2\/2025\/11\/Vaeksthuse-Kirkebjerg-parken-02.jpg\"><img decoding=\"async\" src=\"https:\/\/www.cwobel-ejendomme.dk\/bolig\/wp-content\/uploads\/sites\/2\/2025\/11\/Vaeksthuse-Kirkebjerg-parken-02.jpg\" alt=\"V\u00e6ksthuse i Kirkebjerg Parken\" \/><\/a><\/p>\n<h5>Fakta om V\u00e6ksthusene<\/h5>\n<p>V\u00e6ksthusene er et muligt aktivitets- og samlingspunkt for alle beboerne i Kirkebjerg Parken. De kan<br \/>benyttes til egne eller f\u00e6lles form\u00e5l.<\/p>\n<p>V\u00e6ksthusene skal altid opleves som et rart sted at opholde sig. Det er derfor vigtigt, at alle hj\u00e6lper til<br \/>med at rydde op og holde rent. Inventar skal forblive. Til adgang benyttes opgangsn\u00f8glen.<\/p>\n<p>V\u00e6ksthusene m\u00e5 ikke benyttes til politiske, religi\u00f8se eller kommercielle form\u00e5l.<\/p>\n<p>V\u00e6ksthusene skal v\u00e6re t\u00f8mt og ryddet senest kl. 22. Husk at fjerne affald.<\/p>\n<h5>Vis hensyn til ejendommen \u00f8vrige beboere<\/h5>\n<p>Vis altid hensyn til ejendommens \u00f8vrige beboere, n\u00e5r de benyttes.<\/p>\n<p>Musik og st\u00f8j m\u00e5 ikke genere de omkringboende beboere, og efter klokken 20 skal d\u00f8rene holdes lukket. Ophold i og uden for skal ske under hensyntagen til andre.<\/p>\n<p>Beboerne er ansvarlige for eventuelle g\u00e6sters opf\u00f8rsel og kan i tilf\u00e6lde af skader g\u00f8res erstatningspligtig.<\/p>\n<p>Der m\u00e5 ikke spilles bold i eller omkring.<\/p>\n<h5>Rygning<\/h5>\n<p>Der m\u00e5 ikke ryges i v\u00e6ksthusene<\/p>\n<h5>Husdyr<\/h5>\n<p>Husdyr med dispensationstilladelse m\u00e5 opholde sig i inden for efter de givne dispensationsregler.<\/p>\n<p>Hvis andre brugere f\u00f8ler sig generet af husdyrets tilstedev\u00e6relse, m\u00e5 husdyret ikke v\u00e6re der.<\/p>\n<h5>Administration og tilsyn af v\u00e6ksthusene<\/h5>\n<p>Administrator og vicev\u00e6rten st\u00e5r for tilsyn af v\u00e6ksthusene.<\/p>\n<p>Skader og mangler meddeles til vicev\u00e6rten p\u00e5 <a href=\"mailto:kirkebjergparken@cwobel.dk\">kirkebjergparken@cwobel.dk&lt;\/a <\/a><\/p>\n<p><a href=\"https:\/\/www.cwobel-ejendomme.dk\/bolig\/kirkebjerg-parken\/\">Kirkebjerg Parken<\/a>\u00a0 er et nyt boligomr\u00e5de n\u00e6r Br\u00f8ndby i en attraktiv forstad til K\u00f8benhavn t\u00e6t p\u00e5 b\u00e5de skov, strand og kun 17 minutter fra R\u00e5dhuspladsen.<\/p>\n<p>Vil du bo i Br\u00f8ndby\u00f8ster?\u00a0<\/p>\n<p><a title=\"\" href=\"\/bolig\/ledige-lejemaal\/storkoebenhavn\/broendbyvester\/\">SE LEDIGE LEJEM\u00c5L<\/a><\/p>\n\n\n<p><\/p>\n","protected":false},"excerpt":{"rendered":"<p>V\u00e6ksthusene i Kirkebjerg Parken I Kirkebjerg Parken har vi v\u00e6ksthuse, som er t\u00e6nkt som sm\u00e5 gr\u00f8nne samlingspunkter. Her<span class=\"excerpt-hellip\"> [\u2026]<\/span><\/p>\n","protected":false},"author":7,"featured_media":0,"parent":0,"menu_order":0,"comment_status":"closed","ping_status":"closed","template":"","meta":{"_acf_changed":false,"footnotes":""},"class_list":["post-25791","page","type-page","status-publish","hentry"],"yoast_head":"<!-- This site is optimized with the Yoast SEO Premium plugin v25.3.1 (Yoast SEO v25.3.1) - https:\/\/yoast.com\/wordpress\/plugins\/seo\/ -->\n<title>V\u00e6ksthusene i Kirkebjerg Parken - C.W. Obel Ejendomme<\/title>\n<meta name=\"description\" content=\"I Kirkebjerg Parken har vi V\u00e6ksthusene. Sm\u00e5, gr\u00f8nne samlingspunkter, hvor du kan dyrke planter, m\u00f8des med naboer eller holde et arrangement.\" \/>\n<meta name=\"robots\" content=\"index, follow, max-snippet:-1, max-image-preview:large, max-video-preview:-1\" \/>\n<link rel=\"canonical\" href=\"https:\/\/www.cwobel-ejendomme.dk\/bolig\/vaeksthusene-i-kirkebjerg-parken\/\" \/>\n<meta property=\"og:locale\" content=\"da_DK\" \/>\n<meta property=\"og:type\" content=\"article\" \/>\n<meta property=\"og:title\" content=\"V\u00e6ksthusene i Kirkebjerg Parken\" \/>\n<meta property=\"og:description\" content=\"I Kirkebjerg Parken har vi V\u00e6ksthusene. Sm\u00e5, gr\u00f8nne samlingspunkter, hvor du kan dyrke planter, m\u00f8des med naboer eller holde et arrangement.\" \/>\n<meta property=\"og:url\" content=\"https:\/\/www.cwobel-ejendomme.dk\/bolig\/vaeksthusene-i-kirkebjerg-parken\/\" \/>\n<meta property=\"og:site_name\" content=\"C.W. Obel Ejendomme\" \/>\n<meta property=\"article:modified_time\" content=\"2025-12-04T11:29:18+00:00\" \/>\n<meta property=\"og:image\" content=\"https:\/\/www.cwobel-ejendomme.dk\/bolig\/wp-content\/uploads\/sites\/2\/2025\/11\/Vaeksthuse-Kirkebjerg-parken-01.jpg\" \/>\n<meta name=\"twitter:card\" content=\"summary_large_image\" \/>\n<meta name=\"twitter:label1\" content=\"Estimeret l\u00e6setid\" \/>\n\t<meta name=\"twitter:data1\" content=\"3 minutter\" \/>\n<script type=\"application\/ld+json\" class=\"yoast-schema-graph\">{\"@context\":\"https:\/\/schema.org\",\"@graph\":[{\"@type\":\"WebPage\",\"@id\":\"https:\/\/www.cwobel-ejendomme.dk\/bolig\/vaeksthusene-i-kirkebjerg-parken\/\",\"url\":\"https:\/\/www.cwobel-ejendomme.dk\/bolig\/vaeksthusene-i-kirkebjerg-parken\/\",\"name\":\"V\u00e6ksthusene i Kirkebjerg Parken - C.W. Obel Ejendomme\",\"isPartOf\":{\"@id\":\"https:\/\/www.cwobel-ejendomme.dk\/bolig\/#website\"},\"primaryImageOfPage\":{\"@id\":\"https:\/\/www.cwobel-ejendomme.dk\/bolig\/vaeksthusene-i-kirkebjerg-parken\/#primaryimage\"},\"image\":{\"@id\":\"https:\/\/www.cwobel-ejendomme.dk\/bolig\/vaeksthusene-i-kirkebjerg-parken\/#primaryimage\"},\"thumbnailUrl\":\"https:\/\/www.cwobel-ejendomme.dk\/bolig\/wp-content\/uploads\/sites\/2\/2025\/11\/Vaeksthuse-Kirkebjerg-parken-01.jpg\",\"datePublished\":\"2025-11-27T10:14:58+00:00\",\"dateModified\":\"2025-12-04T11:29:18+00:00\",\"description\":\"I Kirkebjerg Parken har vi V\u00e6ksthusene. Sm\u00e5, gr\u00f8nne samlingspunkter, hvor du kan dyrke planter, m\u00f8des med naboer eller holde et arrangement.\",\"breadcrumb\":{\"@id\":\"https:\/\/www.cwobel-ejendomme.dk\/bolig\/vaeksthusene-i-kirkebjerg-parken\/#breadcrumb\"},\"inLanguage\":\"da-DK\",\"potentialAction\":[{\"@type\":\"ReadAction\",\"target\":[\"https:\/\/www.cwobel-ejendomme.dk\/bolig\/vaeksthusene-i-kirkebjerg-parken\/\"]}]},{\"@type\":\"ImageObject\",\"inLanguage\":\"da-DK\",\"@id\":\"https:\/\/www.cwobel-ejendomme.dk\/bolig\/vaeksthusene-i-kirkebjerg-parken\/#primaryimage\",\"url\":\"https:\/\/www.cwobel-ejendomme.dk\/bolig\/wp-content\/uploads\/sites\/2\/2025\/11\/Vaeksthuse-Kirkebjerg-parken-01.jpg\",\"contentUrl\":\"https:\/\/www.cwobel-ejendomme.dk\/bolig\/wp-content\/uploads\/sites\/2\/2025\/11\/Vaeksthuse-Kirkebjerg-parken-01.jpg\"},{\"@type\":\"BreadcrumbList\",\"@id\":\"https:\/\/www.cwobel-ejendomme.dk\/bolig\/vaeksthusene-i-kirkebjerg-parken\/#breadcrumb\",\"itemListElement\":[{\"@type\":\"ListItem\",\"position\":1,\"name\":\"Hjem\",\"item\":\"https:\/\/www.cwobel-ejendomme.dk\/bolig\/\"},{\"@type\":\"ListItem\",\"position\":2,\"name\":\"V\u00e6ksthusene i Kirkebjerg Parken\"}]},{\"@type\":\"WebSite\",\"@id\":\"https:\/\/www.cwobel-ejendomme.dk\/bolig\/#website\",\"url\":\"https:\/\/www.cwobel-ejendomme.dk\/bolig\/\",\"name\":\"C.W. Obel Ejendomme\",\"description\":\"C.W. Obel Ejendomme\",\"potentialAction\":[{\"@type\":\"SearchAction\",\"target\":{\"@type\":\"EntryPoint\",\"urlTemplate\":\"https:\/\/www.cwobel-ejendomme.dk\/bolig\/?s={search_term_string}\"},\"query-input\":{\"@type\":\"PropertyValueSpecification\",\"valueRequired\":true,\"valueName\":\"search_term_string\"}}],\"inLanguage\":\"da-DK\"}]}<\/script>\n<!-- \/ Yoast SEO Premium plugin. -->","yoast_head_json":{"title":"V\u00e6ksthusene i Kirkebjerg Parken - C.W. Obel Ejendomme","description":"I Kirkebjerg Parken har vi V\u00e6ksthusene. Sm\u00e5, gr\u00f8nne samlingspunkter, hvor du kan dyrke planter, m\u00f8des med naboer eller holde et arrangement.","robots":{"index":"index","follow":"follow","max-snippet":"max-snippet:-1","max-image-preview":"max-image-preview:large","max-video-preview":"max-video-preview:-1"},"canonical":"https:\/\/www.cwobel-ejendomme.dk\/bolig\/vaeksthusene-i-kirkebjerg-parken\/","og_locale":"da_DK","og_type":"article","og_title":"V\u00e6ksthusene i Kirkebjerg Parken","og_description":"I Kirkebjerg Parken har vi V\u00e6ksthusene. Sm\u00e5, gr\u00f8nne samlingspunkter, hvor du kan dyrke planter, m\u00f8des med naboer eller holde et arrangement.","og_url":"https:\/\/www.cwobel-ejendomme.dk\/bolig\/vaeksthusene-i-kirkebjerg-parken\/","og_site_name":"C.W. Obel Ejendomme","article_modified_time":"2025-12-04T11:29:18+00:00","og_image":[{"url":"https:\/\/www.cwobel-ejendomme.dk\/bolig\/wp-content\/uploads\/sites\/2\/2025\/11\/Vaeksthuse-Kirkebjerg-parken-01.jpg","type":"","width":"","height":""}],"twitter_card":"summary_large_image","twitter_misc":{"Estimeret l\u00e6setid":"3 minutter"},"schema":{"@context":"https:\/\/schema.org","@graph":[{"@type":"WebPage","@id":"https:\/\/www.cwobel-ejendomme.dk\/bolig\/vaeksthusene-i-kirkebjerg-parken\/","url":"https:\/\/www.cwobel-ejendomme.dk\/bolig\/vaeksthusene-i-kirkebjerg-parken\/","name":"V\u00e6ksthusene i Kirkebjerg Parken - C.W. Obel Ejendomme","isPartOf":{"@id":"https:\/\/www.cwobel-ejendomme.dk\/bolig\/#website"},"primaryImageOfPage":{"@id":"https:\/\/www.cwobel-ejendomme.dk\/bolig\/vaeksthusene-i-kirkebjerg-parken\/#primaryimage"},"image":{"@id":"https:\/\/www.cwobel-ejendomme.dk\/bolig\/vaeksthusene-i-kirkebjerg-parken\/#primaryimage"},"thumbnailUrl":"https:\/\/www.cwobel-ejendomme.dk\/bolig\/wp-content\/uploads\/sites\/2\/2025\/11\/Vaeksthuse-Kirkebjerg-parken-01.jpg","datePublished":"2025-11-27T10:14:58+00:00","dateModified":"2025-12-04T11:29:18+00:00","description":"I Kirkebjerg Parken har vi V\u00e6ksthusene. Sm\u00e5, gr\u00f8nne samlingspunkter, hvor du kan dyrke planter, m\u00f8des med naboer eller holde et arrangement.","breadcrumb":{"@id":"https:\/\/www.cwobel-ejendomme.dk\/bolig\/vaeksthusene-i-kirkebjerg-parken\/#breadcrumb"},"inLanguage":"da-DK","potentialAction":[{"@type":"ReadAction","target":["https:\/\/www.cwobel-ejendomme.dk\/bolig\/vaeksthusene-i-kirkebjerg-parken\/"]}]},{"@type":"ImageObject","inLanguage":"da-DK","@id":"https:\/\/www.cwobel-ejendomme.dk\/bolig\/vaeksthusene-i-kirkebjerg-parken\/#primaryimage","url":"https:\/\/www.cwobel-ejendomme.dk\/bolig\/wp-content\/uploads\/sites\/2\/2025\/11\/Vaeksthuse-Kirkebjerg-parken-01.jpg","contentUrl":"https:\/\/www.cwobel-ejendomme.dk\/bolig\/wp-content\/uploads\/sites\/2\/2025\/11\/Vaeksthuse-Kirkebjerg-parken-01.jpg"},{"@type":"BreadcrumbList","@id":"https:\/\/www.cwobel-ejendomme.dk\/bolig\/vaeksthusene-i-kirkebjerg-parken\/#breadcrumb","itemListElement":[{"@type":"ListItem","position":1,"name":"Hjem","item":"https:\/\/www.cwobel-ejendomme.dk\/bolig\/"},{"@type":"ListItem","position":2,"name":"V\u00e6ksthusene i Kirkebjerg Parken"}]},{"@type":"WebSite","@id":"https:\/\/www.cwobel-ejendomme.dk\/bolig\/#website","url":"https:\/\/www.cwobel-ejendomme.dk\/bolig\/","name":"C.W. Obel Ejendomme","description":"C.W. Obel Ejendomme","potentialAction":[{"@type":"SearchAction","target":{"@type":"EntryPoint","urlTemplate":"https:\/\/www.cwobel-ejendomme.dk\/bolig\/?s={search_term_string}"},"query-input":{"@type":"PropertyValueSpecification","valueRequired":true,"valueName":"search_term_string"}}],"inLanguage":"da-DK"}]}},"acf":[],"_links":{"self":[{"href":"https:\/\/www.cwobel-ejendomme.dk\/bolig\/wp-json\/wp\/v2\/pages\/25791","targetHints":{"allow":["GET"]}}],"collection":[{"href":"https:\/\/www.cwobel-ejendomme.dk\/bolig\/wp-json\/wp\/v2\/pages"}],"about":[{"href":"https:\/\/www.cwobel-ejendomme.dk\/bolig\/wp-json\/wp\/v2\/types\/page"}],"author":[{"embeddable":true,"href":"https:\/\/www.cwobel-ejendomme.dk\/bolig\/wp-json\/wp\/v2\/users\/7"}],"replies":[{"embeddable":true,"href":"https:\/\/www.cwobel-ejendomme.dk\/bolig\/wp-json\/wp\/v2\/comments?post=25791"}],"version-history":[{"count":3,"href":"https:\/\/www.cwobel-ejendomme.dk\/bolig\/wp-json\/wp\/v2\/pages\/25791\/revisions"}],"predecessor-version":[{"id":25799,"href":"https:\/\/www.cwobel-ejendomme.dk\/bolig\/wp-json\/wp\/v2\/pages\/25791\/revisions\/25799"}],"wp:attachment":[{"href":"https:\/\/www.cwobel-ejendomme.dk\/bolig\/wp-json\/wp\/v2\/media?parent=25791"}],"curies":[{"name":"wp","href":"https:\/\/api.w.org\/{rel}","templated":true}]}}