{"id":187,"date":"2023-06-06T10:06:07","date_gmt":"2023-06-06T08:06:07","guid":{"rendered":"https:\/\/www.cwobel-ejendomme.dk\/bolig\/?page_id=187"},"modified":"2025-12-04T12:35:13","modified_gmt":"2025-12-04T11:35:13","slug":"inspiration","status":"publish","type":"page","link":"https:\/\/www.cwobel-ejendomme.dk\/bolig\/inspiration\/","title":{"rendered":"Viden og inspiration"},"content":{"rendered":"<h1>F\u00e5 det bedste ud af din bolig<\/h1>\n<p>Her kan du finde viden og inspiration om, hvordan du f\u00e5r mest muligt ud af din bolig.<\/p>\n<p><img decoding=\"async\" src=\"https:\/\/www.cwobel-ejendomme.dk\/bolig\/wp-content\/uploads\/sites\/2\/2025\/12\/CWOE-Spar-paa-energien.jpg\" alt=\"Spar p\u00e5 enegerien\" \/><\/p>\n<h2>Spar p\u00e5 energien<\/h2>\n<p>Hos C.W. Obel Ejendomme mener vi, at vi har et f\u00e6lles ansvar for b\u00e5de at passe p\u00e5 de ejendomme, vi bor i \u2013 og det klima, vi alle er en del af. Som lejer kan du v\u00e6re med til at g\u00f8re en m\u00e6rkbar forskel med ganske enkle valg i hverdagen. Derfor har vi samlet en r\u00e6kke praktiske r\u00e5d til, hvordan du nemt kan spare p\u00e5 energien.<\/p>\n<p><a title=\"\" href=\"\/bolig\/miljoe-og-energi\/\">L\u00e6s mere<\/a><\/p>\n<h2>Pas godt p\u00e5 din bolig \u00e5ret rundt<\/h2>\n<p>Som lejer spiller du en vigtig rolle i vedligeholdelsen af din bolig, s\u00e5 alt fungerer, som det skal. Derfor har vi samlet en praktisk tjekliste med sm\u00e5 opgaver \u2013 fx rens af filtre eller afkalkning \u2013 du selv kan holde \u00f8je med i l\u00f8bet af \u00e5ret. Mange af punkterne tager f\u00e5 minutter, men g\u00f8r en stor forskel \u2013 b\u00e5de for din bolig og din hverdag.<\/p>\n<p><a title=\"\" href=\"\/bolig\/inspiration\/tjekliste-bolig\/\">L\u00e6s mere<\/a><br \/>\n<img decoding=\"async\" src=\"https:\/\/www.cwobel-ejendomme.dk\/bolig\/wp-content\/uploads\/sites\/2\/2025\/11\/Pas-godt-paa-din-bolig-aaret-rundt.jpg\" alt=\"Pas godt pa\u030a din bolig a\u030aret rundt\" \/><br \/>\n<img decoding=\"async\" src=\"https:\/\/www.cwobel-ejendomme.dk\/bolig\/wp-content\/uploads\/sites\/2\/2022\/07\/indretning-altan-780x780px.jpg\" alt=\"Indretning af din altan\" \/><\/p>\n<h2>Indretning af din altan<\/h2>\n<p>Din altan er din oase i hjemmet. Det er her, du kan nyde din morgenkaffe, slappe af efter en lang arbejdsdag og invitere g\u00e6ster over, mens du er omgivet af naturen inden for hjemmets trygge rammer. Du har rig mulighed for at indrette din altan, s\u00e5 den afspejler dit hum\u00f8r og personlighed.<\/p>\n<p><a title=\"\" href=\"\/bolig\/inspiration\/indretning-af-din-altan\/\">L\u00e6s mere<\/a><\/p>\n<h2>Opsigelse af lejem\u00e5l &#8211; s\u00e5dan opsiger du dit lejem\u00e5l<\/h2>\n<p>Opsigelse af et lejem\u00e5l kan ske p\u00e5 b\u00e5de lejers og udlejers foranledning, hvis lejem\u00e5let er tidsubestemt. <a href=\"\/bolig\/vaerd-at-vide-som-lejer\/opsigelse\/\">Opsigelsesperioden<\/a> vil normalt have en varighed p\u00e5 3 m\u00e5neder, hvis du lejer en lejlighed eller et hus. Et enkelt v\u00e6relse uden k\u00f8kken vil normalt have en opsigelsesperiode p\u00e5 1 m\u00e5ned. Hvis lejem\u00e5let er tidsbestemt, oph\u00f8rer det automatisk p\u00e5 den aftalte dato.<\/p>\n<p><a title=\"\" href=\"\/bolig\/inspiration\/opsigelse-af-lejemaal\/\">L\u00e6s mere<\/a><br \/>\n<img decoding=\"async\" src=\"https:\/\/www.cwobel-ejendomme.dk\/bolig\/wp-content\/uploads\/sites\/2\/2022\/07\/opsigelse-780x780px.jpg\" alt=\"Opsigelse af lejem\u00e5l - s\u00e5dan opsiger du dit lejem\u00e5l\" \/><\/p>\n<h2>Hold dig opdateret<\/h2>\n<p>Tilmeld dig vores nyhedsbrev, og modtag seneste nyt om vores ledige lejeboliger<\/p>\n<p><a title=\"\" href=\"\/bolig\/nyhedsbrev\/#nyhedsbrev\">TILMELD DIG HER<\/a><\/p>\n<h4>Vi \u00f8nskede at flytte internt<\/h4>\n<p>\u201dEfter at have boet alene i en lejlighed i AstaHus i et par \u00e5r, blev det n\u00f8dvendigt med en st\u00f8rre lejlighed, da jeg skulle flytte sammen med min k\u00e6reste. Vi var slet ikke i tvivl om, at vi skulle fors\u00e6tte med at bor her. Lejlighederne er af h\u00f8j kvalitet, omr\u00e5det omkring bygningerne er hyggelige og gr\u00f8nne, og det ligger i kort afstand til centrum af Aalborg.\u201d<\/p>\n<p>Jonas, 30 \u00e5r AstaHus<\/p>\n","protected":false},"excerpt":{"rendered":"<p>F\u00e5 det bedste ud af din bolig Her kan du finde viden og inspiration om, hvordan du f\u00e5r<span class=\"excerpt-hellip\"> [\u2026]<\/span><\/p>\n","protected":false},"author":7,"featured_media":19770,"parent":0,"menu_order":0,"comment_status":"closed","ping_status":"closed","template":"","meta":{"_acf_changed":false,"footnotes":""},"class_list":["post-187","page","type-page","status-publish","has-post-thumbnail","hentry"],"yoast_head":"<!-- This site is optimized with the Yoast SEO Premium plugin v25.3.1 (Yoast SEO v25.3.1) - https:\/\/yoast.com\/wordpress\/plugins\/seo\/ -->\n<title>Viden og inspiration<\/title>\n<meta name=\"description\" content=\"Viden og inspiration. Her giver vi dig gode r\u00e5d og information om, hvordan du f\u00e5r mest muligt ud af din bolig.\" \/>\n<meta name=\"robots\" content=\"index, follow, max-snippet:-1, max-image-preview:large, max-video-preview:-1\" \/>\n<link rel=\"canonical\" href=\"https:\/\/www.cwobel-ejendomme.dk\/bolig\/inspiration\/\" \/>\n<meta property=\"og:locale\" content=\"da_DK\" \/>\n<meta property=\"og:type\" content=\"article\" \/>\n<meta property=\"og:title\" content=\"Viden og inspiration\" \/>\n<meta property=\"og:description\" content=\"Viden og inspiration. Her giver vi dig gode r\u00e5d og information om, hvordan du f\u00e5r mest muligt ud af din bolig.\" \/>\n<meta property=\"og:url\" content=\"https:\/\/www.cwobel-ejendomme.dk\/bolig\/inspiration\/\" \/>\n<meta property=\"og:site_name\" content=\"C.W. Obel Ejendomme\" \/>\n<meta property=\"article:modified_time\" content=\"2025-12-04T11:35:13+00:00\" \/>\n<meta property=\"og:image\" content=\"https:\/\/www.cwobel-ejendomme.dk\/bolig\/wp-content\/uploads\/sites\/2\/2024\/06\/indretning-altan-780x780px.jpeg\" \/>\n\t<meta property=\"og:image:width\" content=\"585\" \/>\n\t<meta property=\"og:image:height\" content=\"585\" \/>\n\t<meta property=\"og:image:type\" content=\"image\/jpeg\" \/>\n<meta name=\"twitter:card\" content=\"summary_large_image\" \/>\n<meta name=\"twitter:label1\" content=\"Estimeret l\u00e6setid\" \/>\n\t<meta name=\"twitter:data1\" content=\"4 minutter\" \/>\n<script type=\"application\/ld+json\" class=\"yoast-schema-graph\">{\"@context\":\"https:\/\/schema.org\",\"@graph\":[{\"@type\":\"WebPage\",\"@id\":\"https:\/\/www.cwobel-ejendomme.dk\/bolig\/inspiration\/\",\"url\":\"https:\/\/www.cwobel-ejendomme.dk\/bolig\/inspiration\/\",\"name\":\"Viden og inspiration\",\"isPartOf\":{\"@id\":\"https:\/\/www.cwobel-ejendomme.dk\/bolig\/#website\"},\"primaryImageOfPage\":{\"@id\":\"https:\/\/www.cwobel-ejendomme.dk\/bolig\/inspiration\/#primaryimage\"},\"image\":{\"@id\":\"https:\/\/www.cwobel-ejendomme.dk\/bolig\/inspiration\/#primaryimage\"},\"thumbnailUrl\":\"https:\/\/www.cwobel-ejendomme.dk\/bolig\/wp-content\/uploads\/sites\/2\/2024\/06\/indretning-altan-780x780px.jpeg\",\"datePublished\":\"2023-06-06T08:06:07+00:00\",\"dateModified\":\"2025-12-04T11:35:13+00:00\",\"description\":\"Viden og inspiration. Her giver vi dig gode r\u00e5d og information om, hvordan du f\u00e5r mest muligt ud af din bolig.\",\"breadcrumb\":{\"@id\":\"https:\/\/www.cwobel-ejendomme.dk\/bolig\/inspiration\/#breadcrumb\"},\"inLanguage\":\"da-DK\",\"potentialAction\":[{\"@type\":\"ReadAction\",\"target\":[\"https:\/\/www.cwobel-ejendomme.dk\/bolig\/inspiration\/\"]}]},{\"@type\":\"ImageObject\",\"inLanguage\":\"da-DK\",\"@id\":\"https:\/\/www.cwobel-ejendomme.dk\/bolig\/inspiration\/#primaryimage\",\"url\":\"https:\/\/www.cwobel-ejendomme.dk\/bolig\/wp-content\/uploads\/sites\/2\/2024\/06\/indretning-altan-780x780px.jpeg\",\"contentUrl\":\"https:\/\/www.cwobel-ejendomme.dk\/bolig\/wp-content\/uploads\/sites\/2\/2024\/06\/indretning-altan-780x780px.jpeg\",\"width\":585,\"height\":585,\"caption\":\"Indretning af din altan\"},{\"@type\":\"BreadcrumbList\",\"@id\":\"https:\/\/www.cwobel-ejendomme.dk\/bolig\/inspiration\/#breadcrumb\",\"itemListElement\":[{\"@type\":\"ListItem\",\"position\":1,\"name\":\"Hjem\",\"item\":\"https:\/\/www.cwobel-ejendomme.dk\/bolig\/\"},{\"@type\":\"ListItem\",\"position\":2,\"name\":\"Viden og inspiration\"}]},{\"@type\":\"WebSite\",\"@id\":\"https:\/\/www.cwobel-ejendomme.dk\/bolig\/#website\",\"url\":\"https:\/\/www.cwobel-ejendomme.dk\/bolig\/\",\"name\":\"C.W. Obel Ejendomme\",\"description\":\"C.W. Obel Ejendomme\",\"potentialAction\":[{\"@type\":\"SearchAction\",\"target\":{\"@type\":\"EntryPoint\",\"urlTemplate\":\"https:\/\/www.cwobel-ejendomme.dk\/bolig\/?s={search_term_string}\"},\"query-input\":{\"@type\":\"PropertyValueSpecification\",\"valueRequired\":true,\"valueName\":\"search_term_string\"}}],\"inLanguage\":\"da-DK\"}]}<\/script>\n<!-- \/ Yoast SEO Premium plugin. -->","yoast_head_json":{"title":"Viden og inspiration","description":"Viden og inspiration. Her giver vi dig gode r\u00e5d og information om, hvordan du f\u00e5r mest muligt ud af din bolig.","robots":{"index":"index","follow":"follow","max-snippet":"max-snippet:-1","max-image-preview":"max-image-preview:large","max-video-preview":"max-video-preview:-1"},"canonical":"https:\/\/www.cwobel-ejendomme.dk\/bolig\/inspiration\/","og_locale":"da_DK","og_type":"article","og_title":"Viden og inspiration","og_description":"Viden og inspiration. Her giver vi dig gode r\u00e5d og information om, hvordan du f\u00e5r mest muligt ud af din bolig.","og_url":"https:\/\/www.cwobel-ejendomme.dk\/bolig\/inspiration\/","og_site_name":"C.W. Obel Ejendomme","article_modified_time":"2025-12-04T11:35:13+00:00","og_image":[{"width":585,"height":585,"url":"https:\/\/www.cwobel-ejendomme.dk\/bolig\/wp-content\/uploads\/sites\/2\/2024\/06\/indretning-altan-780x780px.jpeg","type":"image\/jpeg"}],"twitter_card":"summary_large_image","twitter_misc":{"Estimeret l\u00e6setid":"4 minutter"},"schema":{"@context":"https:\/\/schema.org","@graph":[{"@type":"WebPage","@id":"https:\/\/www.cwobel-ejendomme.dk\/bolig\/inspiration\/","url":"https:\/\/www.cwobel-ejendomme.dk\/bolig\/inspiration\/","name":"Viden og inspiration","isPartOf":{"@id":"https:\/\/www.cwobel-ejendomme.dk\/bolig\/#website"},"primaryImageOfPage":{"@id":"https:\/\/www.cwobel-ejendomme.dk\/bolig\/inspiration\/#primaryimage"},"image":{"@id":"https:\/\/www.cwobel-ejendomme.dk\/bolig\/inspiration\/#primaryimage"},"thumbnailUrl":"https:\/\/www.cwobel-ejendomme.dk\/bolig\/wp-content\/uploads\/sites\/2\/2024\/06\/indretning-altan-780x780px.jpeg","datePublished":"2023-06-06T08:06:07+00:00","dateModified":"2025-12-04T11:35:13+00:00","description":"Viden og inspiration. Her giver vi dig gode r\u00e5d og information om, hvordan du f\u00e5r mest muligt ud af din bolig.","breadcrumb":{"@id":"https:\/\/www.cwobel-ejendomme.dk\/bolig\/inspiration\/#breadcrumb"},"inLanguage":"da-DK","potentialAction":[{"@type":"ReadAction","target":["https:\/\/www.cwobel-ejendomme.dk\/bolig\/inspiration\/"]}]},{"@type":"ImageObject","inLanguage":"da-DK","@id":"https:\/\/www.cwobel-ejendomme.dk\/bolig\/inspiration\/#primaryimage","url":"https:\/\/www.cwobel-ejendomme.dk\/bolig\/wp-content\/uploads\/sites\/2\/2024\/06\/indretning-altan-780x780px.jpeg","contentUrl":"https:\/\/www.cwobel-ejendomme.dk\/bolig\/wp-content\/uploads\/sites\/2\/2024\/06\/indretning-altan-780x780px.jpeg","width":585,"height":585,"caption":"Indretning af din altan"},{"@type":"BreadcrumbList","@id":"https:\/\/www.cwobel-ejendomme.dk\/bolig\/inspiration\/#breadcrumb","itemListElement":[{"@type":"ListItem","position":1,"name":"Hjem","item":"https:\/\/www.cwobel-ejendomme.dk\/bolig\/"},{"@type":"ListItem","position":2,"name":"Viden og inspiration"}]},{"@type":"WebSite","@id":"https:\/\/www.cwobel-ejendomme.dk\/bolig\/#website","url":"https:\/\/www.cwobel-ejendomme.dk\/bolig\/","name":"C.W. Obel Ejendomme","description":"C.W. Obel Ejendomme","potentialAction":[{"@type":"SearchAction","target":{"@type":"EntryPoint","urlTemplate":"https:\/\/www.cwobel-ejendomme.dk\/bolig\/?s={search_term_string}"},"query-input":{"@type":"PropertyValueSpecification","valueRequired":true,"valueName":"search_term_string"}}],"inLanguage":"da-DK"}]}},"acf":[],"_links":{"self":[{"href":"https:\/\/www.cwobel-ejendomme.dk\/bolig\/wp-json\/wp\/v2\/pages\/187","targetHints":{"allow":["GET"]}}],"collection":[{"href":"https:\/\/www.cwobel-ejendomme.dk\/bolig\/wp-json\/wp\/v2\/pages"}],"about":[{"href":"https:\/\/www.cwobel-ejendomme.dk\/bolig\/wp-json\/wp\/v2\/types\/page"}],"author":[{"embeddable":true,"href":"https:\/\/www.cwobel-ejendomme.dk\/bolig\/wp-json\/wp\/v2\/users\/7"}],"replies":[{"embeddable":true,"href":"https:\/\/www.cwobel-ejendomme.dk\/bolig\/wp-json\/wp\/v2\/comments?post=187"}],"version-history":[{"count":10,"href":"https:\/\/www.cwobel-ejendomme.dk\/bolig\/wp-json\/wp\/v2\/pages\/187\/revisions"}],"predecessor-version":[{"id":25841,"href":"https:\/\/www.cwobel-ejendomme.dk\/bolig\/wp-json\/wp\/v2\/pages\/187\/revisions\/25841"}],"wp:featuredmedia":[{"embeddable":true,"href":"https:\/\/www.cwobel-ejendomme.dk\/bolig\/wp-json\/wp\/v2\/media\/19770"}],"wp:attachment":[{"href":"https:\/\/www.cwobel-ejendomme.dk\/bolig\/wp-json\/wp\/v2\/media?parent=187"}],"curies":[{"name":"wp","href":"https:\/\/api.w.org\/{rel}","templated":true}]}}