{"id":1560,"date":"2022-07-07T14:48:14","date_gmt":"2022-07-07T12:48:14","guid":{"rendered":"https:\/\/www.cwobel-ejendomme.dk\/bolig\/?page_id=1560"},"modified":"2026-02-19T09:13:10","modified_gmt":"2026-02-19T08:13:10","slug":"oerestad-syd","status":"publish","type":"page","link":"https:\/\/www.cwobel-ejendomme.dk\/bolig\/ledige-lejemaal\/storkoebenhavn\/oerestad-syd\/","title":{"rendered":"\u00d8restad Syd"},"content":{"rendered":"\n<p><\/p>\n\n\n\n<p>\u00d8restad Syd er et omr\u00e5de af K\u00f8benhavn, som for alvor er i opblomstring. Her tilbyder vi nyere, moderne og rummelige lejeboliger i forskellige st\u00f8rrelser til b\u00f8rnefamilien, den studerende, den \u00e6ldre, singlen eller parret uden b\u00f8rn. <br>Der er gode transportmuligheder i \u00d8restad Syd, og med metroen kan du komme til Indre By p\u00e5 ca. 10 minutter. Der k\u00f8rer ogs\u00e5 flere buslinjer fra \u00d8restad Station, som hurtigt f\u00e5r dig rundt i byen. <br>Find det rigtige hjem i \u00d8restad Syd herunder.<br><h1>Lejebolig i \u00d8restad Syd<\/h1> <br>Hos C.W. Obel Ejendomme har vi lejeboliger p\u00e5 flere attraktive lokationer i <a href=\"https:\/\/cwobel-bolig.dk\/ledige-boliger\/storkoebenhavn\/\">K\u00f8benhavn<\/a>. Vores lejeboliger i \u00d8restad er beliggende i det attraktive omr\u00e5de, \u00d8restad Syd, som kombinerer byliv og gr\u00f8nne omr\u00e5der p\u00e5 attraktiv og moderne vis. I \u00d8restad Syd finder du b\u00e5de natur, shopping, caf\u00e9er, streetfood, kulturtilbud, legepladser og skoler. <br>Med en bolig i omr\u00e5det er du eksempelvis t\u00e6t p\u00e5 koncertoplevelser i Royal Arena, shopping i Field\u2019s og sk\u00f8nne gr\u00f8nne omr\u00e5der p\u00e5 Kalvebod F\u00e6lled.<br><br><img decoding=\"async\" src=\"https:\/\/www.cwobel-ejendomme.dk\/bolig\/wp-content\/uploads\/sites\/2\/2022\/07\/Oerestad_syd_1.jpg\" alt=\"Oerestad_syd_1\"><br><h4>Find en lejebolig i \u00d8restad &#8211; K\u00f8benhavns gr\u00f8nne bydel<\/h4>\u00d8restad er en af K\u00f8benhavns nyeste bydele. Omr\u00e5det har de seneste \u00e5r v\u00e6ret i rivende udvikling, og i dag huser bydelen mere end 21.400 beboere. <br>\u00d8restad er centralt beliggende p\u00e5 Amager og gr\u00e6nser op til Islands Brygge og str\u00e6kker sig fra T\u00e5rnby til Kalvebod F\u00e6lled. \u00d8restad best\u00e5r af fire omr\u00e5der; Amager f\u00e6lled, \u00d8restad City, \u00d8restad Syd og \u00d8restad Nord. <br>\u00d8restad er kendt som K\u00f8benhavns gr\u00f8nne bydel, og den beskrivelse passer godt til omr\u00e5det. Omkring en tredjedel af \u00d8restads areal best\u00e5r nemlig af gr\u00f8nne \u00e5ndehuller, parker og masser af natur. <br>N\u00e5r du bos\u00e6tter dig i \u00d8restad, har du Amagers smukke naturpark og den smukke Amager F\u00e6lled lige om hj\u00f8rnet. Men det er ikke kun natur, der omgiver \u00d8restad. Der er ogs\u00e5 masser af byliv, caf\u00e9er og restauranter, samt det store shoppingscenter, Fields, der ogs\u00e5 er beliggende i \u00d8restad. <br>Samtidig har du ogs\u00e5 kulturlivet t\u00e6t p\u00e5. DR Byen, Koncerthuset, Royal Arena, Bella Centeret &#8211; du kan finde det hele i \u00d8restad, og hos C.W. Obel Ejendomme er vi stolte af at kunne tilbyde lejeboliger lige netop her. <br>Hos C.W. Obel Ejendomme udlejer vi nye boliger p\u00e5 flere attraktive adresser i <a href=\"\/bolig\/ledige-lejemaal\/storkoebenhavn\/\">K\u00f8benhavn<\/a>\u00a0\u2013 bl.a. p\u00e5\u00a0<a href=\"\/bolig\/ledige-lejemaal\/storkoebenhavn\/islands-brygge\/\">Islands Brygge<\/a>\u00a0og\u00a0<a href=\"\/bolig\/ledige-lejemaal\/storkoebenhavn\/teglholmen\/\">Teglholmen<\/a>. <a href=\"https:\/\/www.cwobel-ejendomme.dk\/bolig\/ledige-lejemaal\/storkoebenhavn\/oerestad-syd\/cobrahave\/\">CobraHave<\/a> og <a href=\"https:\/\/www.cwobel-ejendomme.dk\/bolig\/ledige-lejemaal\/storkoebenhavn\/oerestad-syd\/heeruphave\/\">HeerupHave<\/a> er blandt vores nyere ejendomme i \u00d8restad, og her kan vores lejere finde en bolig, som skaber behagelige, funktionelle rammer for et nyt hjem.<br><br><h4>CobraHave &#8211; sp\u00e6ndende lejeboliger i \u00d8restad syd<\/h4> <br>CobraHave er vores ejendom p\u00e5 Else Alfelts Vej beliggende i det attraktive \u00d8restad Syd-kvarter. Navnet CobraHave er inspireret af Cobrakunstnerne. <br>Ejendommen best\u00e5r af fire karrer og huser 218 nyopf\u00f8rte lejligheder fra 2018. Lejlighederne veksler mellem 70 m\u00b2 \u2013 145 m\u00b2 og rummer alt fra 1 til 5 v\u00e6relser. <br>Her er b\u00e5de plads til familien med b\u00f8rn, singlen, der bor alene, den studerende, som gerne vil bo attraktivt, den \u00e6ldre, som gerne vil bo funktionelt og parret uden b\u00f8rn. Lejeboligerne sikrer et moderne, indbydende hjem til mange forskellige behov og \u00f8nsker.<br><br><img decoding=\"async\" src=\"https:\/\/www.cwobel-ejendomme.dk\/bolig\/wp-content\/uploads\/sites\/2\/2022\/07\/Oerestad_syd_2.jpg\" alt=\"Oerestad_syd_2\"><br><br><img decoding=\"async\" src=\"https:\/\/www.cwobel-ejendomme.dk\/bolig\/wp-content\/uploads\/sites\/2\/2022\/09\/HeerupHave_780x780.jpg\" alt=\"HeerupHave\"><br><h4>HeerupHave \u2013 sk\u00f8n blanding af lejligheder og r\u00e6kkehuse<\/h4><br>HeerupHave best\u00e5r af 91 nye lejeboliger i \u00d8restad Syd. De 77 lejligheder og 14 r\u00e6kkehuse ligger i rolige omgivelser \u2013 blot ti minutter v\u00e6k fra det centrale K\u00f8benhavn. <br>P\u00e5 den ene side af HeerupHave finder du Kalvebod F\u00e6lleds smukke natur, og p\u00e5 den anden side er der shopping, koncertoplevelser, metro og Amager Strandpark inden for kort afstand. HeerupHave er opkaldt efter den popul\u00e6re kunstner, Henry Heerup, som bl.a. var en del af det internationale kunstnerkollektiv COBRA. Byggeriet er opf\u00f8rt i moderne, k\u00f8benhavnsk byggetradition og rummer b\u00e5de 2-, 3- og 4-v\u00e6relses lejligheder og r\u00e6kkehuse i 3 plan.<br><h4>Moderne boliger i \u00d8restad Syd der g\u00f8r hverdagen nem<\/h4>Byggerierne i \u00d8restad Syd er skabt med moderne arkitektur i h\u00f8js\u00e6det med fokus p\u00e5 funktionalitet og kvalitet. Her f\u00e5r du en moderne, nybygget bolig med plads, lys, luft og de nyeste faciliteter til at danne rammerne om jeres dagligdag.Alle lejeboliger har egen altan, fransk altan eller terrasse, s\u00e5 du f\u00e5r dit eget private udend\u00f8rs samlingspunkt med plads til hyggelige stunder.Mellem boligblokkene h\u00f8rer ogs\u00e5 et hyggeligt g\u00e5rdmilj\u00f8 med en legeplads. Og der er tilh\u00f8rende parkeringsk\u00e6lder, hvor beboere kan leje en parkeringsplads, og p\u00e5 den m\u00e5de f\u00e5 adgang til parkering t\u00e6t p\u00e5 boligen.Vores lejeboliger i \u00d8restad Syd er placeret i g\u00e5- og cykelafstand til daginstitutioner og skoler, s\u00e5 b\u00f8rnene kan afleveres t\u00e6t p\u00e5 hjemmet, og du har alt til hverdagen indenfor en meget overskuelig afstand til din bop\u00e6l.Med g\u00e5afstand til indk\u00f8b, shopping, metroen, offentlig transport og K\u00f8benhavns lufthavn lige i baghaven, er du altid t\u00e6t p\u00e5 hele K\u00f8benhavn.<br><br><img decoding=\"async\" src=\"https:\/\/www.cwobel-ejendomme.dk\/bolig\/wp-content\/uploads\/sites\/2\/2022\/07\/Oerestad_syd_3.jpg\" alt=\"Oerestad_syd_3\"><br><h2>Mangler du inspiration til indretningen?<\/h2>Mangler du inspiration til indretningen af din lejelejlighed? P\u00e5 vores <a href=\"\/bolig\/inspiration\/\">inspirationside<\/a>\u00a0kan du l\u00e6se gode r\u00e5d om alt fra\u00a0<a href=\"\/bolig\/inspiration\/indretning-af-din-altan\/\">indretningen af din altan<\/a>\u00a0til praktisk information, om\u00a0<a href=\"\/bolig\/inspiration\/opsigelse-af-lejemaal\/\">opsigelse af dit lejem\u00e5l<\/a>, hvis du er lejer hos os. <br>Hvis du vil vide mere om C.W. Obel Ejendommes ledige lejligheder i \u00d8restad Syd, er du altid velkommen til at kontakte os p\u00e5 33 33 92 92 eller p\u00e5 <a href=\"mailto:bolig@cwobel.dk\">bolig@cwobel.dk<\/a>. <br>Vi ser frem til at h\u00f8re fra dig.<br><\/p>\n","protected":false},"excerpt":{"rendered":"<p>\u00d8restad Syd er et omr\u00e5de af K\u00f8benhavn, som for alvor er i opblomstring. Her tilbyder vi nyere, moderne<span class=\"excerpt-hellip\"> [\u2026]<\/span><\/p>\n","protected":false},"author":1,"featured_media":19790,"parent":1543,"menu_order":0,"comment_status":"closed","ping_status":"closed","template":"","meta":{"_acf_changed":false,"footnotes":""},"class_list":["post-1560","page","type-page","status-publish","has-post-thumbnail","hentry"],"yoast_head":"<!-- This site is optimized with the Yoast SEO Premium plugin v25.3.1 (Yoast SEO v25.3.1) - https:\/\/yoast.com\/wordpress\/plugins\/seo\/ -->\n<title>Ledige lejeboliger i \u00d8restad Syd<\/title>\n<meta name=\"description\" content=\"Ledige lejeboliger i \u00d8restad Syd. Se lejeboliger i \u00d8restad Syd, som kombinerer byliv og gr\u00f8nne omr\u00e5der p\u00e5 attraktiv og moderne vis.\" \/>\n<meta name=\"robots\" content=\"index, follow, max-snippet:-1, max-image-preview:large, max-video-preview:-1\" \/>\n<link rel=\"canonical\" href=\"https:\/\/www.cwobel-ejendomme.dk\/bolig\/ledige-lejemaal\/storkoebenhavn\/oerestad-syd\/\" \/>\n<meta property=\"og:locale\" content=\"da_DK\" \/>\n<meta property=\"og:type\" content=\"article\" \/>\n<meta property=\"og:title\" content=\"\u00d8restad Syd\" \/>\n<meta property=\"og:description\" content=\"Ledige lejeboliger i \u00d8restad Syd. Se lejeboliger i \u00d8restad Syd, som kombinerer byliv og gr\u00f8nne omr\u00e5der p\u00e5 attraktiv og moderne vis.\" \/>\n<meta property=\"og:url\" content=\"https:\/\/www.cwobel-ejendomme.dk\/bolig\/ledige-lejemaal\/storkoebenhavn\/oerestad-syd\/\" \/>\n<meta property=\"og:site_name\" content=\"C.W. Obel Ejendomme\" \/>\n<meta property=\"article:modified_time\" content=\"2026-02-19T08:13:10+00:00\" \/>\n<meta property=\"og:image\" content=\"https:\/\/www.cwobel-ejendomme.dk\/bolig\/wp-content\/uploads\/sites\/2\/2024\/06\/Oerestad_syd_2.jpeg\" \/>\n\t<meta property=\"og:image:width\" content=\"780\" \/>\n\t<meta property=\"og:image:height\" content=\"780\" \/>\n\t<meta property=\"og:image:type\" content=\"image\/jpeg\" \/>\n<meta name=\"twitter:card\" content=\"summary_large_image\" \/>\n<meta name=\"twitter:label1\" content=\"Estimeret l\u00e6setid\" \/>\n\t<meta name=\"twitter:data1\" content=\"6 minutter\" \/>\n<script type=\"application\/ld+json\" class=\"yoast-schema-graph\">{\"@context\":\"https:\/\/schema.org\",\"@graph\":[{\"@type\":\"WebPage\",\"@id\":\"https:\/\/www.cwobel-ejendomme.dk\/bolig\/ledige-lejemaal\/storkoebenhavn\/oerestad-syd\/\",\"url\":\"https:\/\/www.cwobel-ejendomme.dk\/bolig\/ledige-lejemaal\/storkoebenhavn\/oerestad-syd\/\",\"name\":\"Ledige lejeboliger i \u00d8restad Syd\",\"isPartOf\":{\"@id\":\"https:\/\/www.cwobel-ejendomme.dk\/bolig\/#website\"},\"primaryImageOfPage\":{\"@id\":\"https:\/\/www.cwobel-ejendomme.dk\/bolig\/ledige-lejemaal\/storkoebenhavn\/oerestad-syd\/#primaryimage\"},\"image\":{\"@id\":\"https:\/\/www.cwobel-ejendomme.dk\/bolig\/ledige-lejemaal\/storkoebenhavn\/oerestad-syd\/#primaryimage\"},\"thumbnailUrl\":\"https:\/\/www.cwobel-ejendomme.dk\/bolig\/wp-content\/uploads\/sites\/2\/2024\/06\/Oerestad_syd_2.jpeg\",\"datePublished\":\"2022-07-07T12:48:14+00:00\",\"dateModified\":\"2026-02-19T08:13:10+00:00\",\"description\":\"Ledige lejeboliger i \u00d8restad Syd. Se lejeboliger i \u00d8restad Syd, som kombinerer byliv og gr\u00f8nne omr\u00e5der p\u00e5 attraktiv og moderne vis.\",\"breadcrumb\":{\"@id\":\"https:\/\/www.cwobel-ejendomme.dk\/bolig\/ledige-lejemaal\/storkoebenhavn\/oerestad-syd\/#breadcrumb\"},\"inLanguage\":\"da-DK\",\"potentialAction\":[{\"@type\":\"ReadAction\",\"target\":[\"https:\/\/www.cwobel-ejendomme.dk\/bolig\/ledige-lejemaal\/storkoebenhavn\/oerestad-syd\/\"]}]},{\"@type\":\"ImageObject\",\"inLanguage\":\"da-DK\",\"@id\":\"https:\/\/www.cwobel-ejendomme.dk\/bolig\/ledige-lejemaal\/storkoebenhavn\/oerestad-syd\/#primaryimage\",\"url\":\"https:\/\/www.cwobel-ejendomme.dk\/bolig\/wp-content\/uploads\/sites\/2\/2024\/06\/Oerestad_syd_2.jpeg\",\"contentUrl\":\"https:\/\/www.cwobel-ejendomme.dk\/bolig\/wp-content\/uploads\/sites\/2\/2024\/06\/Oerestad_syd_2.jpeg\",\"width\":780,\"height\":780,\"caption\":\"Ledige boliger i \u00d8restad Syd\"},{\"@type\":\"BreadcrumbList\",\"@id\":\"https:\/\/www.cwobel-ejendomme.dk\/bolig\/ledige-lejemaal\/storkoebenhavn\/oerestad-syd\/#breadcrumb\",\"itemListElement\":[{\"@type\":\"ListItem\",\"position\":1,\"name\":\"Hjem\",\"item\":\"https:\/\/www.cwobel-ejendomme.dk\/bolig\/\"},{\"@type\":\"ListItem\",\"position\":2,\"name\":\"Ledige lejem\u00e5l\",\"item\":\"https:\/\/www.cwobel-ejendomme.dk\/bolig\/ledige-lejemaal\/\"},{\"@type\":\"ListItem\",\"position\":3,\"name\":\"Stork\u00f8benhavn\",\"item\":\"https:\/\/www.cwobel-ejendomme.dk\/bolig\/ledige-lejemaal\/storkoebenhavn\/\"},{\"@type\":\"ListItem\",\"position\":4,\"name\":\"\u00d8restad Syd\"}]},{\"@type\":\"WebSite\",\"@id\":\"https:\/\/www.cwobel-ejendomme.dk\/bolig\/#website\",\"url\":\"https:\/\/www.cwobel-ejendomme.dk\/bolig\/\",\"name\":\"C.W. Obel Ejendomme\",\"description\":\"C.W. Obel Ejendomme\",\"potentialAction\":[{\"@type\":\"SearchAction\",\"target\":{\"@type\":\"EntryPoint\",\"urlTemplate\":\"https:\/\/www.cwobel-ejendomme.dk\/bolig\/?s={search_term_string}\"},\"query-input\":{\"@type\":\"PropertyValueSpecification\",\"valueRequired\":true,\"valueName\":\"search_term_string\"}}],\"inLanguage\":\"da-DK\"}]}<\/script>\n<!-- \/ Yoast SEO Premium plugin. -->","yoast_head_json":{"title":"Ledige lejeboliger i \u00d8restad Syd","description":"Ledige lejeboliger i \u00d8restad Syd. Se lejeboliger i \u00d8restad Syd, som kombinerer byliv og gr\u00f8nne omr\u00e5der p\u00e5 attraktiv og moderne vis.","robots":{"index":"index","follow":"follow","max-snippet":"max-snippet:-1","max-image-preview":"max-image-preview:large","max-video-preview":"max-video-preview:-1"},"canonical":"https:\/\/www.cwobel-ejendomme.dk\/bolig\/ledige-lejemaal\/storkoebenhavn\/oerestad-syd\/","og_locale":"da_DK","og_type":"article","og_title":"\u00d8restad Syd","og_description":"Ledige lejeboliger i \u00d8restad Syd. Se lejeboliger i \u00d8restad Syd, som kombinerer byliv og gr\u00f8nne omr\u00e5der p\u00e5 attraktiv og moderne vis.","og_url":"https:\/\/www.cwobel-ejendomme.dk\/bolig\/ledige-lejemaal\/storkoebenhavn\/oerestad-syd\/","og_site_name":"C.W. Obel Ejendomme","article_modified_time":"2026-02-19T08:13:10+00:00","og_image":[{"width":780,"height":780,"url":"https:\/\/www.cwobel-ejendomme.dk\/bolig\/wp-content\/uploads\/sites\/2\/2024\/06\/Oerestad_syd_2.jpeg","type":"image\/jpeg"}],"twitter_card":"summary_large_image","twitter_misc":{"Estimeret l\u00e6setid":"6 minutter"},"schema":{"@context":"https:\/\/schema.org","@graph":[{"@type":"WebPage","@id":"https:\/\/www.cwobel-ejendomme.dk\/bolig\/ledige-lejemaal\/storkoebenhavn\/oerestad-syd\/","url":"https:\/\/www.cwobel-ejendomme.dk\/bolig\/ledige-lejemaal\/storkoebenhavn\/oerestad-syd\/","name":"Ledige lejeboliger i \u00d8restad Syd","isPartOf":{"@id":"https:\/\/www.cwobel-ejendomme.dk\/bolig\/#website"},"primaryImageOfPage":{"@id":"https:\/\/www.cwobel-ejendomme.dk\/bolig\/ledige-lejemaal\/storkoebenhavn\/oerestad-syd\/#primaryimage"},"image":{"@id":"https:\/\/www.cwobel-ejendomme.dk\/bolig\/ledige-lejemaal\/storkoebenhavn\/oerestad-syd\/#primaryimage"},"thumbnailUrl":"https:\/\/www.cwobel-ejendomme.dk\/bolig\/wp-content\/uploads\/sites\/2\/2024\/06\/Oerestad_syd_2.jpeg","datePublished":"2022-07-07T12:48:14+00:00","dateModified":"2026-02-19T08:13:10+00:00","description":"Ledige lejeboliger i \u00d8restad Syd. Se lejeboliger i \u00d8restad Syd, som kombinerer byliv og gr\u00f8nne omr\u00e5der p\u00e5 attraktiv og moderne vis.","breadcrumb":{"@id":"https:\/\/www.cwobel-ejendomme.dk\/bolig\/ledige-lejemaal\/storkoebenhavn\/oerestad-syd\/#breadcrumb"},"inLanguage":"da-DK","potentialAction":[{"@type":"ReadAction","target":["https:\/\/www.cwobel-ejendomme.dk\/bolig\/ledige-lejemaal\/storkoebenhavn\/oerestad-syd\/"]}]},{"@type":"ImageObject","inLanguage":"da-DK","@id":"https:\/\/www.cwobel-ejendomme.dk\/bolig\/ledige-lejemaal\/storkoebenhavn\/oerestad-syd\/#primaryimage","url":"https:\/\/www.cwobel-ejendomme.dk\/bolig\/wp-content\/uploads\/sites\/2\/2024\/06\/Oerestad_syd_2.jpeg","contentUrl":"https:\/\/www.cwobel-ejendomme.dk\/bolig\/wp-content\/uploads\/sites\/2\/2024\/06\/Oerestad_syd_2.jpeg","width":780,"height":780,"caption":"Ledige boliger i \u00d8restad Syd"},{"@type":"BreadcrumbList","@id":"https:\/\/www.cwobel-ejendomme.dk\/bolig\/ledige-lejemaal\/storkoebenhavn\/oerestad-syd\/#breadcrumb","itemListElement":[{"@type":"ListItem","position":1,"name":"Hjem","item":"https:\/\/www.cwobel-ejendomme.dk\/bolig\/"},{"@type":"ListItem","position":2,"name":"Ledige lejem\u00e5l","item":"https:\/\/www.cwobel-ejendomme.dk\/bolig\/ledige-lejemaal\/"},{"@type":"ListItem","position":3,"name":"Stork\u00f8benhavn","item":"https:\/\/www.cwobel-ejendomme.dk\/bolig\/ledige-lejemaal\/storkoebenhavn\/"},{"@type":"ListItem","position":4,"name":"\u00d8restad Syd"}]},{"@type":"WebSite","@id":"https:\/\/www.cwobel-ejendomme.dk\/bolig\/#website","url":"https:\/\/www.cwobel-ejendomme.dk\/bolig\/","name":"C.W. Obel Ejendomme","description":"C.W. Obel Ejendomme","potentialAction":[{"@type":"SearchAction","target":{"@type":"EntryPoint","urlTemplate":"https:\/\/www.cwobel-ejendomme.dk\/bolig\/?s={search_term_string}"},"query-input":{"@type":"PropertyValueSpecification","valueRequired":true,"valueName":"search_term_string"}}],"inLanguage":"da-DK"}]}},"acf":[],"_links":{"self":[{"href":"https:\/\/www.cwobel-ejendomme.dk\/bolig\/wp-json\/wp\/v2\/pages\/1560","targetHints":{"allow":["GET"]}}],"collection":[{"href":"https:\/\/www.cwobel-ejendomme.dk\/bolig\/wp-json\/wp\/v2\/pages"}],"about":[{"href":"https:\/\/www.cwobel-ejendomme.dk\/bolig\/wp-json\/wp\/v2\/types\/page"}],"author":[{"embeddable":true,"href":"https:\/\/www.cwobel-ejendomme.dk\/bolig\/wp-json\/wp\/v2\/users\/1"}],"replies":[{"embeddable":true,"href":"https:\/\/www.cwobel-ejendomme.dk\/bolig\/wp-json\/wp\/v2\/comments?post=1560"}],"version-history":[{"count":7,"href":"https:\/\/www.cwobel-ejendomme.dk\/bolig\/wp-json\/wp\/v2\/pages\/1560\/revisions"}],"predecessor-version":[{"id":25970,"href":"https:\/\/www.cwobel-ejendomme.dk\/bolig\/wp-json\/wp\/v2\/pages\/1560\/revisions\/25970"}],"up":[{"embeddable":true,"href":"https:\/\/www.cwobel-ejendomme.dk\/bolig\/wp-json\/wp\/v2\/pages\/1543"}],"wp:featuredmedia":[{"embeddable":true,"href":"https:\/\/www.cwobel-ejendomme.dk\/bolig\/wp-json\/wp\/v2\/media\/19790"}],"wp:attachment":[{"href":"https:\/\/www.cwobel-ejendomme.dk\/bolig\/wp-json\/wp\/v2\/media?parent=1560"}],"curies":[{"name":"wp","href":"https:\/\/api.w.org\/{rel}","templated":true}]}}